{"version":"1.0","provider_name":"EBFL","provider_url":"https:\/\/ebfl.at","author_name":"Sonja Notdurfter","author_url":"https:\/\/ebfl.at\/index.php\/author\/sonja\/","title":"Mit Dampf durch den Herbst - EBFL","type":"rich","width":600,"height":338,"html":"<blockquote class=\"wp-embedded-content\" data-secret=\"WggyUu00EF\"><a href=\"https:\/\/ebfl.at\/index.php\/mit-dampf-durch-den-herbst\/\">Mit Dampf durch den Herbst<\/a><\/blockquote><iframe sandbox=\"allow-scripts\" security=\"restricted\" src=\"https:\/\/ebfl.at\/index.php\/mit-dampf-durch-den-herbst\/embed\/#?secret=WggyUu00EF\" width=\"600\" height=\"338\" title=\"&#8222;Mit Dampf durch den Herbst&#8220; &#8211; EBFL\" data-secret=\"WggyUu00EF\" frameborder=\"0\" marginwidth=\"0\" marginheight=\"0\" scrolling=\"no\" class=\"wp-embedded-content\"><\/iframe><script type=\"text\/javascript\">\n\/* <![CDATA[ *\/\n\/*! This file is auto-generated *\/\n!function(d,l){\"use strict\";l.querySelector&&d.addEventListener&&\"undefined\"!=typeof URL&&(d.wp=d.wp||{},d.wp.receiveEmbedMessage||(d.wp.receiveEmbedMessage=function(e){var t=e.data;if((t||t.secret||t.message||t.value)&&!\/[^a-zA-Z0-9]\/.test(t.secret)){for(var s,r,n,a=l.querySelectorAll('iframe[data-secret=\"'+t.secret+'\"]'),o=l.querySelectorAll('blockquote[data-secret=\"'+t.secret+'\"]'),c=new RegExp(\"^https?:$\",\"i\"),i=0;i<o.length;i++)o[i].style.display=\"none\";for(i=0;i<a.length;i++)s=a[i],e.source===s.contentWindow&&(s.removeAttribute(\"style\"),\"height\"===t.message?(1e3<(r=parseInt(t.value,10))?r=1e3:~~r<200&&(r=200),s.height=r):\"link\"===t.message&&(r=new URL(s.getAttribute(\"src\")),n=new URL(t.value),c.test(n.protocol))&&n.host===r.host&&l.activeElement===s&&(d.top.location.href=t.value))}},d.addEventListener(\"message\",d.wp.receiveEmbedMessage,!1),l.addEventListener(\"DOMContentLoaded\",function(){for(var e,t,s=l.querySelectorAll(\"iframe.wp-embedded-content\"),r=0;r<s.length;r++)(t=(e=s[r]).getAttribute(\"data-secret\"))||(t=Math.random().toString(36).substring(2,12),e.src+=\"#?secret=\"+t,e.setAttribute(\"data-secret\",t)),e.contentWindow.postMessage({message:\"ready\",secret:t},\"*\")},!1)))}(window,document);\n\/\/# sourceURL=https:\/\/ebfl.at\/wp-includes\/js\/wp-embed.min.js\n\/* ]]> *\/\n<\/script>\n","description":"Samstag, 10.10.2026 Erlebnisreise mit dem S\u00fcdbahn Express und der Pinzgauer Lokalbahn Lassen Sie sich auf eine au\u00dfergew\u00f6hnliche Genuss- und Erlebnisreise durch die Alpen entf\u00fchren! Unsere Fahrt beginnt in Lienz, wo der S\u00fcdbahn Express zur entspannten Reise durch einige der sch\u00f6nsten Landschaften \u00d6sterreichs aufbricht. Entlang der eindrucksvollen Strecke \u00fcber Spittal-Millst\u00e4ttersee, durch das Tauerngebiet bis nach Schwarzach-St. [&hellip;]","thumbnail_url":"https:\/\/ebfl.at\/wp-content\/uploads\/2026\/04\/Pinzgauer-Lokalbahn.jpg","thumbnail_width":296,"thumbnail_height":296}

Samstag, 10.10.2026 Erlebnisreise mit dem Südbahn Express und der Pinzgauer Lokalbahn Lassen Sie sich auf eine außergewöhnliche Genuss- und Erlebnisreise durch die Alpen entführen! Unsere Fahrt beginnt in Lienz, wo der Südbahn Express zur entspannten Reise durch einige der schönsten Landschaften Österreichs aufbricht. Entlang der eindrucksvollen Strecke über Spittal-Millstättersee, durch das Tauerngebiet bis nach Schwarzach-St. [&hellip;]
