{"id":2666,"date":"2021-04-06T17:22:18","date_gmt":"2021-04-06T15:22:18","guid":{"rendered":"https:\/\/ebfl.at\/?page_id=2666"},"modified":"2021-05-04T20:17:57","modified_gmt":"2021-05-04T18:17:57","slug":"bestandsverzeichnis","status":"publish","type":"page","link":"https:\/\/ebfl.at\/index.php\/bestandsverzeichnis\/","title":{"rendered":"Bestandsverzeichnis"},"content":{"rendered":"\n<p><strong>A Eisenbahn \u00d6sterreich<\/strong><\/p>\n\n\n\n<p><a href=\"https:\/\/ebfl.at\/index.php\/eisenbahngeschichte-oesterreich\/\">A.1 Eisenbahngeschichte \u00d6sterreich<\/a><\/p>\n\n\n\n<p><a href=\"https:\/\/ebfl.at\/index.php\/triebfahrzeuge-oesterreich\/\">A.2 Triebfahrzeuge \u00d6sterreich<\/a><\/p>\n\n\n\n<p><a href=\"https:\/\/ebfl.at\/index.php\/strecken-streckengeschichte\/\">A.3 Strecken, Streckengeschichte<\/a><\/p>\n\n\n\n<p><strong>B Eisenbahn Deutschland<\/strong><\/p>\n\n\n\n<p><a href=\"https:\/\/ebfl.at\/index.php\/dampflokomotiven-allgemein\/\">B.1 Dampflokomotiven allgemein<\/a><\/p>\n\n\n\n<p><a href=\"https:\/\/ebfl.at\/index.php\/laenderbahnen-geschichte\/\">B.2 L\u00e4nderbahnen Geschichte<\/a><\/p>\n\n\n\n<p><a href=\"https:\/\/ebfl.at\/index.php\/laenderbahnen-fahrzeuge\/\">B.3 L\u00e4nderbahnen Fahrzeuge<\/a><\/p>\n\n\n\n<p><a href=\"https:\/\/ebfl.at\/index.php\/drg-geschichte-und-fahrzeuge\/\">B.4 DRG Geschichte und Fahrzeuge<\/a><\/p>\n\n\n\n<p><a href=\"https:\/\/ebfl.at\/index.php\/dr-ddr-geschichte-und-fahrzeuge\/\">B.5 DR (DDR) Geschichte und Fahrzeuge<\/a><\/p>\n\n\n\n<p><a href=\"https:\/\/ebfl.at\/index.php\/db-geschichte-und-allgemeine-geschichte\/\">B.6 DB Geschichte und allgemeine Geschichte<\/a><\/p>\n\n\n\n<p><a href=\"https:\/\/ebfl.at\/index.php\/db-fahrzeuge\/\">B.7 DB Fahrzeuge<\/a><\/p>\n\n\n\n<p><a href=\"https:\/\/ebfl.at\/index.php\/strecken-streckengeschichte-2\/\">B.8 Strecken, Streckengeschichte<\/a><\/p>\n\n\n\n<p><a href=\"https:\/\/ebfl.at\/index.php\/privatbahnen\/\">B.9 Privatbahnen<\/a><\/p>\n\n\n\n<p><strong>C Schweiz<\/strong><\/p>\n\n\n\n<p><a href=\"https:\/\/ebfl.at\/index.php\/geschichte\/\">C.1 Geschichte<\/a><\/p>\n\n\n\n<p><a href=\"https:\/\/ebfl.at\/index.php\/fahrzeuge\/\">C.2 Fahrzeuge<\/a><\/p>\n\n\n\n<p><a href=\"https:\/\/ebfl.at\/index.php\/strecken\/\">C.3 Strecken<\/a><\/p>\n\n\n\n<p><strong><a href=\"https:\/\/ebfl.at\/index.php\/eisenbahngeschichte-allgemein\/\">D Eisenbahngeschichte allgmein<\/a><\/strong><\/p>\n\n\n\n<p><strong>E Eisenbahnen in der Welt<\/strong><\/p>\n\n\n\n<p><a href=\"https:\/\/ebfl.at\/index.php\/europa\/\">E.1 Europa<\/a><\/p>\n\n\n\n<p><a href=\"https:\/\/ebfl.at\/index.php\/russland\/\">E.2 Russland<\/a><\/p>\n\n\n\n<p><a href=\"https:\/\/ebfl.at\/index.php\/usa-kanada-amerika\/\">E.3 USA, Kanada\/Amerika<\/a><\/p>\n\n\n\n<p><a href=\"https:\/\/ebfl.at\/index.php\/afrika\/\">E.4 Afrika<\/a><\/p>\n\n\n\n<p><a href=\"https:\/\/ebfl.at\/index.php\/asien\/\">E.5 Asien<\/a><\/p>\n\n\n\n<p><a href=\"https:\/\/ebfl.at\/index.php\/dampflokomotiven-der-welt\/\">E.6 Dampflokomotiven der Welt<\/a><\/p>\n\n\n\n<p><a href=\"https:\/\/ebfl.at\/index.php\/zahnradbahnen-und-feldbahnen\/\">E.7 Zahnradbahnen und Feldbahnen<\/a><\/p>\n\n\n\n<p><a href=\"https:\/\/ebfl.at\/index.php\/seilbahnen\/\">E.8 Seilbahnen<\/a><\/p>\n\n\n\n<p><a href=\"https:\/\/ebfl.at\/index.php\/unfaelle\/\">E.9 Unf\u00e4lle<\/a><\/p>\n\n\n\n<p><a href=\"https:\/\/ebfl.at\/index.php\/expresszuege-und-wagen\/\">E.10 Expressz\u00fcge und Wagen<\/a><\/p>\n\n\n\n<p><strong><a href=\"https:\/\/ebfl.at\/index.php\/lokomotivfabriken\/\">F Lokomotivfabriken<\/a><\/strong><\/p>\n\n\n\n<p><strong><a href=\"https:\/\/ebfl.at\/index.php\/lexika-und-atlanten\/\">G Lexika und Atlanten<\/a><\/strong><\/p>\n\n\n\n<p><strong>H Waggone<\/strong><\/p>\n\n\n\n<p><a href=\"https:\/\/ebfl.at\/index.php\/reisezugwaggone\/\">H.1 Reisezugwaggone<\/a><\/p>\n\n\n\n<p><a href=\"https:\/\/ebfl.at\/index.php\/gueterwagen\/\">H.2 G\u00fcterwagen<\/a><\/p>\n\n\n\n<p><strong>J Stra\u00dfenbahnen<\/strong><\/p>\n\n\n\n<p><a href=\"https:\/\/ebfl.at\/index.php\/wiener-verkehrsbetriebe\/\">J.1 Wiener Verkehrsbetriebe<\/a><\/p>\n\n\n\n<p><a href=\"https:\/\/ebfl.at\/index.php\/strassenbahnen-in-oesterreich-ohne-wien\/\">J.2 Stra\u00dfenbahnen in \u00d6sterreich, ohne Wien<\/a><\/p>\n\n\n\n<p><a href=\"https:\/\/ebfl.at\/index.php\/strassenbahnen-allgemein-und-welt\/\">J.3 Stra\u00dfenbahnen allgemein und Welt<\/a><\/p>\n\n\n\n<p><a href=\"https:\/\/ebfl.at\/index.php\/berlin\/\">J.4 Berlin<\/a><\/p>\n\n\n\n<p><a href=\"https:\/\/ebfl.at\/index.php\/hamburg-muenchen-stuttgart\/\">J.5 Hamburg, M\u00fcnchen, Stuttgart<\/a><\/p>\n\n\n\n<p><a href=\"https:\/\/ebfl.at\/index.php\/deutschland-div-staedte\/\">J.6 Deutschland div. St\u00e4dte<\/a><\/p>\n\n\n\n<p><a href=\"https:\/\/ebfl.at\/index.php\/strassenb-u-u-s-bahnen-in-d-allg\/\">J.7 Stra\u00dfenbahnen, U-u. S-Bahnen Deutschland allgem.<\/a><\/p>\n\n\n\n<p><strong>K Technik<\/strong><\/p>\n\n\n\n<p><a href=\"https:\/\/ebfl.at\/index.php\/technik-allgemein\/\">K.1 Technik allgemein<\/a><\/p>\n\n\n\n<p><a href=\"https:\/\/ebfl.at\/index.php\/bruecken-und-tunnel\/\">K.2 Br\u00fccken und Tunnel<\/a><\/p>\n\n\n\n<p><a href=\"https:\/\/ebfl.at\/index.php\/signale-und-signaltechnik\/\">K.3 Signale und Signaltechnik<\/a><\/p>\n\n\n\n<p><a href=\"https:\/\/ebfl.at\/index.php\/kursbuecher\/\">K.4 Kursb\u00fccher<\/a><\/p>\n\n\n\n<p><a href=\"https:\/\/ebfl.at\/index.php\/eisenbahntechnik-allgemein\/\">K.5 Eisenbahntechnik allgemein<\/a><\/p>\n\n\n\n<p><strong><a href=\"https:\/\/ebfl.at\/index.php\/modelleisenbahn\/\">L Modelleisenbahn<\/a><\/strong><\/p>\n\n\n\n<p><strong>M Fremdsprachige Eisenbahnliteratur<\/strong><\/p>\n\n\n\n<p>M.1 Nicht englischsprachige Eisenbahnliteratur (ohne Titel)<\/p>\n\n\n\n<p><a href=\"https:\/\/ebfl.at\/index.php\/englischsprachige-eisenbahnliteratur\/\">M.2 Englischsprachige Eisenbahnliteratur (mit Titeln)<\/a><\/p>\n\n\n\n<p><strong><a href=\"https:\/\/ebfl.at\/index.php\/krieg\/\">N Krieg<\/a><\/strong><\/p>\n\n\n\n<p><strong><a href=\"https:\/\/ebfl.at\/index.php\/eisenbahnmuseen-und-kataloge\/\">O Eisenbahnmuseen und Kataloge<\/a><\/strong><\/p>\n\n\n\n<p><strong><a href=\"https:\/\/ebfl.at\/index.php\/romane-kinderbuecher\/\">P Romane, Kinderb\u00fccher<\/a><\/strong><\/p>\n\n\n\n<p><strong><a href=\"https:\/\/ebfl.at\/index.php\/schiffe-diverses\/\">R Schiffe, Diverses<\/a><\/strong><\/p>\n\n\n\n<p><strong><a href=\"https:\/\/ebfl.at\/index.php\/jahrbuecher-des-eisenbahnwesens\/\">Q Jahrb\u00fccher des Eisenbahnwesens<\/a><\/strong><\/p>\n","protected":false},"excerpt":{"rendered":"<p>A Eisenbahn \u00d6sterreich A.1 Eisenbahngeschichte \u00d6sterreich A.2 Triebfahrzeuge \u00d6sterreich A.3 Strecken, Streckengeschichte B Eisenbahn Deutschland B.1 Dampflokomotiven allgemein B.2 L\u00e4nderbahnen Geschichte B.3 L\u00e4nderbahnen Fahrzeuge B.4 DRG Geschichte und Fahrzeuge B.5 DR (DDR) Geschichte und Fahrzeuge B.6 DB Geschichte und allgemeine Geschichte B.7 DB Fahrzeuge B.8 Strecken, Streckengeschichte B.9 Privatbahnen C Schweiz C.1 Geschichte C.2 Fahrzeuge [&hellip;]<\/p>\n","protected":false},"author":2,"featured_media":0,"parent":0,"menu_order":0,"comment_status":"closed","ping_status":"closed","template":"","meta":{"footnotes":""},"class_list":["post-2666","page","type-page","status-publish","hentry"],"yoast_head":"<!-- This site is optimized with the Yoast SEO plugin v27.4 - https:\/\/yoast.com\/product\/yoast-seo-wordpress\/ -->\n<title>Bestandsverzeichnis - EBFL<\/title>\n<meta name=\"robots\" content=\"index, follow, max-snippet:-1, max-image-preview:large, max-video-preview:-1\" \/>\n<link rel=\"canonical\" href=\"https:\/\/ebfl.at\/index.php\/bestandsverzeichnis\/\" \/>\n<meta property=\"og:locale\" content=\"de_DE\" \/>\n<meta property=\"og:type\" content=\"article\" \/>\n<meta property=\"og:title\" content=\"Bestandsverzeichnis - EBFL\" \/>\n<meta property=\"og:description\" content=\"A Eisenbahn \u00d6sterreich A.1 Eisenbahngeschichte \u00d6sterreich A.2 Triebfahrzeuge \u00d6sterreich A.3 Strecken, Streckengeschichte B Eisenbahn Deutschland B.1 Dampflokomotiven allgemein B.2 L\u00e4nderbahnen Geschichte B.3 L\u00e4nderbahnen Fahrzeuge B.4 DRG Geschichte und Fahrzeuge B.5 DR (DDR) Geschichte und Fahrzeuge B.6 DB Geschichte und allgemeine Geschichte B.7 DB Fahrzeuge B.8 Strecken, Streckengeschichte B.9 Privatbahnen C Schweiz C.1 Geschichte C.2 Fahrzeuge [&hellip;]\" \/>\n<meta property=\"og:url\" content=\"https:\/\/ebfl.at\/index.php\/bestandsverzeichnis\/\" \/>\n<meta property=\"og:site_name\" content=\"EBFL\" \/>\n<meta property=\"article:publisher\" content=\"https:\/\/www.facebook.com\/pages\/category\/History-Museum\/EBFLat-301838060596265\/\" \/>\n<meta property=\"article:modified_time\" content=\"2021-05-04T18:17:57+00:00\" \/>\n<meta name=\"twitter:card\" content=\"summary_large_image\" \/>\n<meta name=\"twitter:label1\" content=\"Gesch\u00e4tzte Lesezeit\" \/>\n\t<meta name=\"twitter:data1\" content=\"1\u00a0Minute\" \/>\n<script type=\"application\/ld+json\" class=\"yoast-schema-graph\">{\"@context\":\"https:\\\/\\\/schema.org\",\"@graph\":[{\"@type\":\"WebPage\",\"@id\":\"https:\\\/\\\/ebfl.at\\\/index.php\\\/bestandsverzeichnis\\\/\",\"url\":\"https:\\\/\\\/ebfl.at\\\/index.php\\\/bestandsverzeichnis\\\/\",\"name\":\"Bestandsverzeichnis - EBFL\",\"isPartOf\":{\"@id\":\"https:\\\/\\\/ebfl.at\\\/#website\"},\"datePublished\":\"2021-04-06T15:22:18+00:00\",\"dateModified\":\"2021-05-04T18:17:57+00:00\",\"breadcrumb\":{\"@id\":\"https:\\\/\\\/ebfl.at\\\/index.php\\\/bestandsverzeichnis\\\/#breadcrumb\"},\"inLanguage\":\"de\",\"potentialAction\":[{\"@type\":\"ReadAction\",\"target\":[\"https:\\\/\\\/ebfl.at\\\/index.php\\\/bestandsverzeichnis\\\/\"]}]},{\"@type\":\"BreadcrumbList\",\"@id\":\"https:\\\/\\\/ebfl.at\\\/index.php\\\/bestandsverzeichnis\\\/#breadcrumb\",\"itemListElement\":[{\"@type\":\"ListItem\",\"position\":1,\"name\":\"Startseite\",\"item\":\"https:\\\/\\\/ebfl.at\\\/\"},{\"@type\":\"ListItem\",\"position\":2,\"name\":\"Bestandsverzeichnis\"}]},{\"@type\":\"WebSite\",\"@id\":\"https:\\\/\\\/ebfl.at\\\/#website\",\"url\":\"https:\\\/\\\/ebfl.at\\\/\",\"name\":\"EBFL Eisenbahnfreunde Lienz\",\"description\":\"Verein der Eisenbahnfreunde in Lienz\",\"publisher\":{\"@id\":\"https:\\\/\\\/ebfl.at\\\/#organization\"},\"potentialAction\":[{\"@type\":\"SearchAction\",\"target\":{\"@type\":\"EntryPoint\",\"urlTemplate\":\"https:\\\/\\\/ebfl.at\\\/?s={search_term_string}\"},\"query-input\":{\"@type\":\"PropertyValueSpecification\",\"valueRequired\":true,\"valueName\":\"search_term_string\"}}],\"inLanguage\":\"de\"},{\"@type\":\"Organization\",\"@id\":\"https:\\\/\\\/ebfl.at\\\/#organization\",\"name\":\"EBFL - Eisenbahnfreunde Lienz\",\"url\":\"https:\\\/\\\/ebfl.at\\\/\",\"logo\":{\"@type\":\"ImageObject\",\"inLanguage\":\"de\",\"@id\":\"https:\\\/\\\/ebfl.at\\\/#\\\/schema\\\/logo\\\/image\\\/\",\"url\":\"https:\\\/\\\/ebfl.at\\\/wp-content\\\/uploads\\\/2019\\\/01\\\/Eisenbahnfreunde-Lienz.jpg\",\"contentUrl\":\"https:\\\/\\\/ebfl.at\\\/wp-content\\\/uploads\\\/2019\\\/01\\\/Eisenbahnfreunde-Lienz.jpg\",\"width\":1087,\"height\":480,\"caption\":\"EBFL - Eisenbahnfreunde Lienz\"},\"image\":{\"@id\":\"https:\\\/\\\/ebfl.at\\\/#\\\/schema\\\/logo\\\/image\\\/\"},\"sameAs\":[\"https:\\\/\\\/www.facebook.com\\\/pages\\\/category\\\/History-Museum\\\/EBFLat-301838060596265\\\/\"]}]}<\/script>\n<!-- \/ Yoast SEO plugin. -->","yoast_head_json":{"title":"Bestandsverzeichnis - EBFL","robots":{"index":"index","follow":"follow","max-snippet":"max-snippet:-1","max-image-preview":"max-image-preview:large","max-video-preview":"max-video-preview:-1"},"canonical":"https:\/\/ebfl.at\/index.php\/bestandsverzeichnis\/","og_locale":"de_DE","og_type":"article","og_title":"Bestandsverzeichnis - EBFL","og_description":"A Eisenbahn \u00d6sterreich A.1 Eisenbahngeschichte \u00d6sterreich A.2 Triebfahrzeuge \u00d6sterreich A.3 Strecken, Streckengeschichte B Eisenbahn Deutschland B.1 Dampflokomotiven allgemein B.2 L\u00e4nderbahnen Geschichte B.3 L\u00e4nderbahnen Fahrzeuge B.4 DRG Geschichte und Fahrzeuge B.5 DR (DDR) Geschichte und Fahrzeuge B.6 DB Geschichte und allgemeine Geschichte B.7 DB Fahrzeuge B.8 Strecken, Streckengeschichte B.9 Privatbahnen C Schweiz C.1 Geschichte C.2 Fahrzeuge [&hellip;]","og_url":"https:\/\/ebfl.at\/index.php\/bestandsverzeichnis\/","og_site_name":"EBFL","article_publisher":"https:\/\/www.facebook.com\/pages\/category\/History-Museum\/EBFLat-301838060596265\/","article_modified_time":"2021-05-04T18:17:57+00:00","twitter_card":"summary_large_image","twitter_misc":{"Gesch\u00e4tzte Lesezeit":"1\u00a0Minute"},"schema":{"@context":"https:\/\/schema.org","@graph":[{"@type":"WebPage","@id":"https:\/\/ebfl.at\/index.php\/bestandsverzeichnis\/","url":"https:\/\/ebfl.at\/index.php\/bestandsverzeichnis\/","name":"Bestandsverzeichnis - EBFL","isPartOf":{"@id":"https:\/\/ebfl.at\/#website"},"datePublished":"2021-04-06T15:22:18+00:00","dateModified":"2021-05-04T18:17:57+00:00","breadcrumb":{"@id":"https:\/\/ebfl.at\/index.php\/bestandsverzeichnis\/#breadcrumb"},"inLanguage":"de","potentialAction":[{"@type":"ReadAction","target":["https:\/\/ebfl.at\/index.php\/bestandsverzeichnis\/"]}]},{"@type":"BreadcrumbList","@id":"https:\/\/ebfl.at\/index.php\/bestandsverzeichnis\/#breadcrumb","itemListElement":[{"@type":"ListItem","position":1,"name":"Startseite","item":"https:\/\/ebfl.at\/"},{"@type":"ListItem","position":2,"name":"Bestandsverzeichnis"}]},{"@type":"WebSite","@id":"https:\/\/ebfl.at\/#website","url":"https:\/\/ebfl.at\/","name":"EBFL Eisenbahnfreunde Lienz","description":"Verein der Eisenbahnfreunde in Lienz","publisher":{"@id":"https:\/\/ebfl.at\/#organization"},"potentialAction":[{"@type":"SearchAction","target":{"@type":"EntryPoint","urlTemplate":"https:\/\/ebfl.at\/?s={search_term_string}"},"query-input":{"@type":"PropertyValueSpecification","valueRequired":true,"valueName":"search_term_string"}}],"inLanguage":"de"},{"@type":"Organization","@id":"https:\/\/ebfl.at\/#organization","name":"EBFL - Eisenbahnfreunde Lienz","url":"https:\/\/ebfl.at\/","logo":{"@type":"ImageObject","inLanguage":"de","@id":"https:\/\/ebfl.at\/#\/schema\/logo\/image\/","url":"https:\/\/ebfl.at\/wp-content\/uploads\/2019\/01\/Eisenbahnfreunde-Lienz.jpg","contentUrl":"https:\/\/ebfl.at\/wp-content\/uploads\/2019\/01\/Eisenbahnfreunde-Lienz.jpg","width":1087,"height":480,"caption":"EBFL - Eisenbahnfreunde Lienz"},"image":{"@id":"https:\/\/ebfl.at\/#\/schema\/logo\/image\/"},"sameAs":["https:\/\/www.facebook.com\/pages\/category\/History-Museum\/EBFLat-301838060596265\/"]}]}},"_links":{"self":[{"href":"https:\/\/ebfl.at\/index.php\/wp-json\/wp\/v2\/pages\/2666","targetHints":{"allow":["GET"]}}],"collection":[{"href":"https:\/\/ebfl.at\/index.php\/wp-json\/wp\/v2\/pages"}],"about":[{"href":"https:\/\/ebfl.at\/index.php\/wp-json\/wp\/v2\/types\/page"}],"author":[{"embeddable":true,"href":"https:\/\/ebfl.at\/index.php\/wp-json\/wp\/v2\/users\/2"}],"replies":[{"embeddable":true,"href":"https:\/\/ebfl.at\/index.php\/wp-json\/wp\/v2\/comments?post=2666"}],"version-history":[{"count":51,"href":"https:\/\/ebfl.at\/index.php\/wp-json\/wp\/v2\/pages\/2666\/revisions"}],"predecessor-version":[{"id":2846,"href":"https:\/\/ebfl.at\/index.php\/wp-json\/wp\/v2\/pages\/2666\/revisions\/2846"}],"wp:attachment":[{"href":"https:\/\/ebfl.at\/index.php\/wp-json\/wp\/v2\/media?parent=2666"}],"curies":[{"name":"wp","href":"https:\/\/api.w.org\/{rel}","templated":true}]}}