{"id":2701,"date":"2021-05-04T18:50:13","date_gmt":"2021-05-04T16:50:13","guid":{"rendered":"https:\/\/ebfl.at\/?page_id=2701"},"modified":"2021-05-04T18:50:14","modified_gmt":"2021-05-04T16:50:14","slug":"triebfahrzeuge-oesterreich","status":"publish","type":"page","link":"https:\/\/ebfl.at\/index.php\/triebfahrzeuge-oesterreich\/","title":{"rendered":"Triebfahrzeuge \u00d6sterreich"},"content":{"rendered":"\n<figure class=\"wp-block-table is-style-regular\"><table><tbody><tr><td><\/td><td><strong>A.2 Triebfahrzeuge \u00d6sterreich<\/strong><\/td><td><\/td><td><\/td><td><\/td><\/tr><tr><td>OO1<\/td><td>Dampfbetrieb in Alt-\u00d6sterreich<\/td><td>Johann Stockklausner<\/td><td>Slezak<\/td><td>1979<\/td><\/tr><tr><td>OO2<\/td><td>Schnellz\u00fcge \u00fcberwinden Gebirge<\/td><td>Georg Schwach<\/td><td>Slezak<\/td><td>1981<\/td><\/tr><tr><td>OO3<\/td><td>Erhaltene Dampflokomotiven in und aus \u00d6sterreich<\/td><td>D. Zoubek<\/td><td>Eigenverlag<\/td><td>2004<\/td><\/tr><tr><td>OO4<\/td><td>G\u00f6lsdorfs Glanzst\u00fcck, die 310er<\/td><td>Hans Peter Pawlik<\/td><td>Slezak<\/td><td>2002<\/td><\/tr><tr><td>OO5<\/td><td>Lokomotivbau in Alt-\u00d6sterreich 1837-1918<\/td><td>Karl G\u00f6lsdorf<\/td><td>Slezak<\/td><td>1978<\/td><\/tr><tr><td>OO6<\/td><td>K.u.K.Eisenbahn Bilderalbum 2<\/td><td>Horn-Kubinszky<\/td><td>Bohmann<\/td><td>1993<\/td><\/tr><tr><td>OO7<\/td><td>K.u.K.Eisenbahn Bilderalbum 3<\/td><td>Horn-Kubinszky<\/td><td>Bohmann<\/td><td>1995<\/td><\/tr><tr><td>OO8<\/td><td>Eisen bahn Bilderalbum 8<\/td><td>Horn<\/td><td>Bohmann<\/td><td>2004<\/td><\/tr><tr><td>OO9<\/td><td>Eisen bahn Bilderalbum 9<\/td><td>Horn<\/td><td>Bohmann<\/td><td>2005<\/td><\/tr><tr><td>O10<\/td><td>K.u.K.Eisenbahnbilderalbum<\/td><td>Horn-Kubinszky<\/td><td>Bohmann<\/td><td>1992<\/td><\/tr><tr><td>O11<\/td><td>Dampflokomotiven in \u00d6sterreich<\/td><td>Harald Nav\u00e8<\/td><td>Franckh`sche Stuttgart<\/td><td>1973<\/td><\/tr><tr><td>O12<\/td><td>Dampfbetrieb in \u00d6sterreich 1935-1944<\/td><td>Helmut Griebl<\/td><td>Eisenbahnkurier<\/td><td>1984<\/td><\/tr><tr><td>O13<\/td><td>Kleine Typenkunde \u00f6sterr. Triebfahrzeuge<\/td><td>Roland Beier<\/td><td>transpress<\/td><td>2000<\/td><\/tr><tr><td>O14<\/td><td>Kleine Typenkunde \u00f6sterr. Triebfahrzeuge<\/td><td>Roland Beier<\/td><td>transpress<\/td><td>1997<\/td><\/tr><tr><td>O15<\/td><td>S\u00fcdbahnlokomotiven<\/td><td>Pawlik\/Slezak<\/td><td>Slezak<\/td><td>1987<\/td><\/tr><tr><td>O16<\/td><td>Eisenbahn-Bildarchiv\/Band 6 \/Die Baureihe 12<\/td><td>Helmut Griebl<\/td><td>Eisenbahnkurier<\/td><td>2003<\/td><\/tr><tr><td>O17<\/td><td>Gesamtverzeichnis Eisenbahn-Trieb- und Stra\u00dfenbahnfahrzeuge<\/td><td>Martin Sindelar<\/td><td>Pospischil<\/td><td>1987<\/td><\/tr><tr><td>O18<\/td><td>Entwicklung der elektr. Lokomotiven u. Triebwagen<\/td><td>Ing. F.X. Saurau<\/td><td>Neuer akad. Verlag Leipzig<\/td><td>1927<\/td><\/tr><tr><td>O19<\/td><td>Die Lokomotiven der Republik \u00d6sterreich\/Teil 2<\/td><td>Slezak<\/td><td>Slezak<\/td><td>1973<\/td><\/tr><tr><td>O20<\/td><td>Staatsbahn-Dampflokomotiven in \u00d6sterreich 1928-1977<\/td><td>Helmut Griebl<\/td><td>Eisenbahnkurier<\/td><td>1977<\/td><\/tr><tr><td>O21<\/td><td>\u00d6sterreichs Krokodil\/Baureihe 1100\/E89\/1089<\/td><td>Helmut Griebl<\/td><td>Eisenbahnkurier<\/td><td>2005<\/td><\/tr><tr><td>O22<\/td><td>Die Lokomotiven der Republik \u00d6sterreich<\/td><td>Slezak<\/td><td>Slezak<\/td><td>1970<\/td><\/tr><tr><td>O23<\/td><td>Taschenlexikon der \u00d6BB Triebfahrzeuge 1953-1975<\/td><td>\u00d6BB<\/td><td>\u00d6BB<\/td><td>1976<\/td><\/tr><tr><td>O24<\/td><td>Dampfbetrieb in \u00d6sterreich \/Bundesbahndirektion Wien<\/td><td>Eduard Sa\u00dfmann<\/td><td>Eisenbahnkurier<\/td><td>2009<\/td><\/tr><tr><td>O25<\/td><td>Triebfahrzeuge \u00f6sterr. Eisenbahnen-Dampflokomotiven BB\u00d6+\u00d6BB<\/td><td>Heribert Schr\u00f6pfer<\/td><td>alba<\/td><td>1989<\/td><\/tr><tr><td>O26<\/td><td>Triebfahrzeuge \u00f6sterr. Eisenbahnen-E-Lokomotiven u. Triebfahrzeuge<\/td><td>Rotter\/Petrovitsch<\/td><td>alba<\/td><td>1990<\/td><\/tr><tr><td>O26<\/td><td>Triebfahrzeuge \u00f6sterr. Eisenbahnen-E-Lokomotiven u. Triebfahrzeuge<\/td><td>Rotter\/Petrovitsch<\/td><td>alba<\/td><td>1999<\/td><\/tr><tr><td>O27<\/td><td>Triebfahrzeuge \u00f6sterr. Eisenbahnen-D-Lokomotiven und D-Triebwagen<\/td><td>Doleschal\/Gerl\/Petrovitsch\/Saliger<\/td><td>alba<\/td><td>1993<\/td><\/tr><tr><td>O28<\/td><td>Die Erfindung der Lokomotive<\/td><td>Ing. Saurau<\/td><td>Ver.d.\u00d6sterr.Eisenbahnpers.<\/td><td>1925<\/td><\/tr><tr><td>O29<\/td><td>Typen und Photoverzeichnis \u00f6sterr. Schienenfahrzeuge<\/td><td>Hans Sternhart<\/td><td>Ployer Wien<\/td><td>1951<\/td><\/tr><tr><td>O30<\/td><td>50 Jahre Elektro-Vollbahnlokomotiven in A und D<\/td><td>Hanns Stockklausner<\/td><td>Ployer Wien<\/td><td>1952<\/td><\/tr><tr><td>O31<\/td><td>Der neue Transalpin<\/td><td>DI Viktor K\u00f6ttner<\/td><td>Bohmann<\/td><td>1966<\/td><\/tr><tr><td>O32<\/td><td>Die elektrische Museumslokomotive E 94 279<\/td><td>Joachim Hund<\/td><td>Reise&amp;Touristik AG<\/td><td>1998<\/td><\/tr><tr><td>O33<\/td><td>\u00d6sterr. Lokomotiven u. Triebwagen<\/td><td>Hanns Stockklausner<\/td><td>Ployer Wien<\/td><td>1954<\/td><\/tr><tr><td>O34<\/td><td>Typenbl\u00e4tter \u00f6sterr. Dampflokomotiven 1883-1938<\/td><td>Slezak<\/td><td>Slezak<\/td><td>1981<\/td><\/tr><tr><td>O35<\/td><td>\u00d6BB Elektrolokomotiven im Bild<\/td><td>Benet<\/td><td>Ferrovia<\/td><td><\/td><\/tr><tr><td>O36<\/td><td>Typenbl\u00e4tter \u00d6sterr. Elektro-u. Diesellokomotiven 1912-1980<\/td><td>Slezak<\/td><td>Slezak<\/td><td>1981<\/td><\/tr><\/tbody><\/table><\/figure>\n","protected":false},"excerpt":{"rendered":"<p>A.2 Triebfahrzeuge \u00d6sterreich OO1 Dampfbetrieb in Alt-\u00d6sterreich Johann Stockklausner Slezak 1979 OO2 Schnellz\u00fcge \u00fcberwinden Gebirge Georg Schwach Slezak 1981 OO3 Erhaltene Dampflokomotiven in und aus \u00d6sterreich D. Zoubek Eigenverlag 2004 OO4 G\u00f6lsdorfs Glanzst\u00fcck, die 310er Hans Peter Pawlik Slezak 2002 OO5 Lokomotivbau in Alt-\u00d6sterreich 1837-1918 Karl G\u00f6lsdorf Slezak 1978 OO6 K.u.K.Eisenbahn Bilderalbum 2 Horn-Kubinszky Bohmann [&hellip;]<\/p>\n","protected":false},"author":2,"featured_media":0,"parent":0,"menu_order":0,"comment_status":"closed","ping_status":"closed","template":"","meta":{"footnotes":""},"class_list":["post-2701","page","type-page","status-publish","hentry"],"yoast_head":"<!-- This site is optimized with the Yoast SEO plugin v27.4 - https:\/\/yoast.com\/product\/yoast-seo-wordpress\/ -->\n<title>Triebfahrzeuge \u00d6sterreich - EBFL<\/title>\n<meta name=\"robots\" content=\"index, follow, max-snippet:-1, max-image-preview:large, max-video-preview:-1\" \/>\n<link rel=\"canonical\" href=\"https:\/\/ebfl.at\/index.php\/triebfahrzeuge-oesterreich\/\" \/>\n<meta property=\"og:locale\" content=\"de_DE\" \/>\n<meta property=\"og:type\" content=\"article\" \/>\n<meta property=\"og:title\" content=\"Triebfahrzeuge \u00d6sterreich - EBFL\" \/>\n<meta property=\"og:description\" content=\"A.2 Triebfahrzeuge \u00d6sterreich OO1 Dampfbetrieb in Alt-\u00d6sterreich Johann Stockklausner Slezak 1979 OO2 Schnellz\u00fcge \u00fcberwinden Gebirge Georg Schwach Slezak 1981 OO3 Erhaltene Dampflokomotiven in und aus \u00d6sterreich D. Zoubek Eigenverlag 2004 OO4 G\u00f6lsdorfs Glanzst\u00fcck, die 310er Hans Peter Pawlik Slezak 2002 OO5 Lokomotivbau in Alt-\u00d6sterreich 1837-1918 Karl G\u00f6lsdorf Slezak 1978 OO6 K.u.K.Eisenbahn Bilderalbum 2 Horn-Kubinszky Bohmann [&hellip;]\" \/>\n<meta property=\"og:url\" content=\"https:\/\/ebfl.at\/index.php\/triebfahrzeuge-oesterreich\/\" \/>\n<meta property=\"og:site_name\" content=\"EBFL\" \/>\n<meta property=\"article:publisher\" content=\"https:\/\/www.facebook.com\/pages\/category\/History-Museum\/EBFLat-301838060596265\/\" \/>\n<meta property=\"article:modified_time\" content=\"2021-05-04T16:50:14+00:00\" \/>\n<meta name=\"twitter:card\" content=\"summary_large_image\" \/>\n<meta name=\"twitter:label1\" content=\"Gesch\u00e4tzte Lesezeit\" \/>\n\t<meta name=\"twitter:data1\" content=\"2\u00a0Minuten\" \/>\n<script type=\"application\/ld+json\" class=\"yoast-schema-graph\">{\"@context\":\"https:\\\/\\\/schema.org\",\"@graph\":[{\"@type\":\"WebPage\",\"@id\":\"https:\\\/\\\/ebfl.at\\\/index.php\\\/triebfahrzeuge-oesterreich\\\/\",\"url\":\"https:\\\/\\\/ebfl.at\\\/index.php\\\/triebfahrzeuge-oesterreich\\\/\",\"name\":\"Triebfahrzeuge \u00d6sterreich - EBFL\",\"isPartOf\":{\"@id\":\"https:\\\/\\\/ebfl.at\\\/#website\"},\"datePublished\":\"2021-05-04T16:50:13+00:00\",\"dateModified\":\"2021-05-04T16:50:14+00:00\",\"breadcrumb\":{\"@id\":\"https:\\\/\\\/ebfl.at\\\/index.php\\\/triebfahrzeuge-oesterreich\\\/#breadcrumb\"},\"inLanguage\":\"de\",\"potentialAction\":[{\"@type\":\"ReadAction\",\"target\":[\"https:\\\/\\\/ebfl.at\\\/index.php\\\/triebfahrzeuge-oesterreich\\\/\"]}]},{\"@type\":\"BreadcrumbList\",\"@id\":\"https:\\\/\\\/ebfl.at\\\/index.php\\\/triebfahrzeuge-oesterreich\\\/#breadcrumb\",\"itemListElement\":[{\"@type\":\"ListItem\",\"position\":1,\"name\":\"Startseite\",\"item\":\"https:\\\/\\\/ebfl.at\\\/\"},{\"@type\":\"ListItem\",\"position\":2,\"name\":\"Triebfahrzeuge \u00d6sterreich\"}]},{\"@type\":\"WebSite\",\"@id\":\"https:\\\/\\\/ebfl.at\\\/#website\",\"url\":\"https:\\\/\\\/ebfl.at\\\/\",\"name\":\"EBFL Eisenbahnfreunde Lienz\",\"description\":\"Verein der Eisenbahnfreunde in Lienz\",\"publisher\":{\"@id\":\"https:\\\/\\\/ebfl.at\\\/#organization\"},\"potentialAction\":[{\"@type\":\"SearchAction\",\"target\":{\"@type\":\"EntryPoint\",\"urlTemplate\":\"https:\\\/\\\/ebfl.at\\\/?s={search_term_string}\"},\"query-input\":{\"@type\":\"PropertyValueSpecification\",\"valueRequired\":true,\"valueName\":\"search_term_string\"}}],\"inLanguage\":\"de\"},{\"@type\":\"Organization\",\"@id\":\"https:\\\/\\\/ebfl.at\\\/#organization\",\"name\":\"EBFL - Eisenbahnfreunde Lienz\",\"url\":\"https:\\\/\\\/ebfl.at\\\/\",\"logo\":{\"@type\":\"ImageObject\",\"inLanguage\":\"de\",\"@id\":\"https:\\\/\\\/ebfl.at\\\/#\\\/schema\\\/logo\\\/image\\\/\",\"url\":\"https:\\\/\\\/ebfl.at\\\/wp-content\\\/uploads\\\/2019\\\/01\\\/Eisenbahnfreunde-Lienz.jpg\",\"contentUrl\":\"https:\\\/\\\/ebfl.at\\\/wp-content\\\/uploads\\\/2019\\\/01\\\/Eisenbahnfreunde-Lienz.jpg\",\"width\":1087,\"height\":480,\"caption\":\"EBFL - Eisenbahnfreunde Lienz\"},\"image\":{\"@id\":\"https:\\\/\\\/ebfl.at\\\/#\\\/schema\\\/logo\\\/image\\\/\"},\"sameAs\":[\"https:\\\/\\\/www.facebook.com\\\/pages\\\/category\\\/History-Museum\\\/EBFLat-301838060596265\\\/\"]}]}<\/script>\n<!-- \/ Yoast SEO plugin. -->","yoast_head_json":{"title":"Triebfahrzeuge \u00d6sterreich - EBFL","robots":{"index":"index","follow":"follow","max-snippet":"max-snippet:-1","max-image-preview":"max-image-preview:large","max-video-preview":"max-video-preview:-1"},"canonical":"https:\/\/ebfl.at\/index.php\/triebfahrzeuge-oesterreich\/","og_locale":"de_DE","og_type":"article","og_title":"Triebfahrzeuge \u00d6sterreich - EBFL","og_description":"A.2 Triebfahrzeuge \u00d6sterreich OO1 Dampfbetrieb in Alt-\u00d6sterreich Johann Stockklausner Slezak 1979 OO2 Schnellz\u00fcge \u00fcberwinden Gebirge Georg Schwach Slezak 1981 OO3 Erhaltene Dampflokomotiven in und aus \u00d6sterreich D. Zoubek Eigenverlag 2004 OO4 G\u00f6lsdorfs Glanzst\u00fcck, die 310er Hans Peter Pawlik Slezak 2002 OO5 Lokomotivbau in Alt-\u00d6sterreich 1837-1918 Karl G\u00f6lsdorf Slezak 1978 OO6 K.u.K.Eisenbahn Bilderalbum 2 Horn-Kubinszky Bohmann [&hellip;]","og_url":"https:\/\/ebfl.at\/index.php\/triebfahrzeuge-oesterreich\/","og_site_name":"EBFL","article_publisher":"https:\/\/www.facebook.com\/pages\/category\/History-Museum\/EBFLat-301838060596265\/","article_modified_time":"2021-05-04T16:50:14+00:00","twitter_card":"summary_large_image","twitter_misc":{"Gesch\u00e4tzte Lesezeit":"2\u00a0Minuten"},"schema":{"@context":"https:\/\/schema.org","@graph":[{"@type":"WebPage","@id":"https:\/\/ebfl.at\/index.php\/triebfahrzeuge-oesterreich\/","url":"https:\/\/ebfl.at\/index.php\/triebfahrzeuge-oesterreich\/","name":"Triebfahrzeuge \u00d6sterreich - EBFL","isPartOf":{"@id":"https:\/\/ebfl.at\/#website"},"datePublished":"2021-05-04T16:50:13+00:00","dateModified":"2021-05-04T16:50:14+00:00","breadcrumb":{"@id":"https:\/\/ebfl.at\/index.php\/triebfahrzeuge-oesterreich\/#breadcrumb"},"inLanguage":"de","potentialAction":[{"@type":"ReadAction","target":["https:\/\/ebfl.at\/index.php\/triebfahrzeuge-oesterreich\/"]}]},{"@type":"BreadcrumbList","@id":"https:\/\/ebfl.at\/index.php\/triebfahrzeuge-oesterreich\/#breadcrumb","itemListElement":[{"@type":"ListItem","position":1,"name":"Startseite","item":"https:\/\/ebfl.at\/"},{"@type":"ListItem","position":2,"name":"Triebfahrzeuge \u00d6sterreich"}]},{"@type":"WebSite","@id":"https:\/\/ebfl.at\/#website","url":"https:\/\/ebfl.at\/","name":"EBFL Eisenbahnfreunde Lienz","description":"Verein der Eisenbahnfreunde in Lienz","publisher":{"@id":"https:\/\/ebfl.at\/#organization"},"potentialAction":[{"@type":"SearchAction","target":{"@type":"EntryPoint","urlTemplate":"https:\/\/ebfl.at\/?s={search_term_string}"},"query-input":{"@type":"PropertyValueSpecification","valueRequired":true,"valueName":"search_term_string"}}],"inLanguage":"de"},{"@type":"Organization","@id":"https:\/\/ebfl.at\/#organization","name":"EBFL - Eisenbahnfreunde Lienz","url":"https:\/\/ebfl.at\/","logo":{"@type":"ImageObject","inLanguage":"de","@id":"https:\/\/ebfl.at\/#\/schema\/logo\/image\/","url":"https:\/\/ebfl.at\/wp-content\/uploads\/2019\/01\/Eisenbahnfreunde-Lienz.jpg","contentUrl":"https:\/\/ebfl.at\/wp-content\/uploads\/2019\/01\/Eisenbahnfreunde-Lienz.jpg","width":1087,"height":480,"caption":"EBFL - Eisenbahnfreunde Lienz"},"image":{"@id":"https:\/\/ebfl.at\/#\/schema\/logo\/image\/"},"sameAs":["https:\/\/www.facebook.com\/pages\/category\/History-Museum\/EBFLat-301838060596265\/"]}]}},"_links":{"self":[{"href":"https:\/\/ebfl.at\/index.php\/wp-json\/wp\/v2\/pages\/2701","targetHints":{"allow":["GET"]}}],"collection":[{"href":"https:\/\/ebfl.at\/index.php\/wp-json\/wp\/v2\/pages"}],"about":[{"href":"https:\/\/ebfl.at\/index.php\/wp-json\/wp\/v2\/types\/page"}],"author":[{"embeddable":true,"href":"https:\/\/ebfl.at\/index.php\/wp-json\/wp\/v2\/users\/2"}],"replies":[{"embeddable":true,"href":"https:\/\/ebfl.at\/index.php\/wp-json\/wp\/v2\/comments?post=2701"}],"version-history":[{"count":1,"href":"https:\/\/ebfl.at\/index.php\/wp-json\/wp\/v2\/pages\/2701\/revisions"}],"predecessor-version":[{"id":2702,"href":"https:\/\/ebfl.at\/index.php\/wp-json\/wp\/v2\/pages\/2701\/revisions\/2702"}],"wp:attachment":[{"href":"https:\/\/ebfl.at\/index.php\/wp-json\/wp\/v2\/media?parent=2701"}],"curies":[{"name":"wp","href":"https:\/\/api.w.org\/{rel}","templated":true}]}}