{"id":2785,"date":"2021-05-04T19:40:13","date_gmt":"2021-05-04T17:40:13","guid":{"rendered":"https:\/\/ebfl.at\/?page_id=2785"},"modified":"2021-05-04T19:40:14","modified_gmt":"2021-05-04T17:40:14","slug":"gueterwagen","status":"publish","type":"page","link":"https:\/\/ebfl.at\/index.php\/gueterwagen\/","title":{"rendered":"G\u00fcterwagen"},"content":{"rendered":"\n<figure class=\"wp-block-table is-style-regular\"><table><tbody><tr><td><strong><\/strong><\/td><td><strong>H.2 G\u00fcterwagen<\/strong><\/td><td><strong><\/strong><\/td><td><strong><\/strong><\/td><td><strong><\/strong><\/td><\/tr><tr><td>OO1<\/td><td>Geschichte der Eisenbahn-Bierwagen<\/td><td>Lothar Spielhoff<\/td><td>Eisenbahnkurier<\/td><td>2000<\/td><\/tr><tr><td>OO2<\/td><td>G\u00fcterwagen deutscher Eisenbahnen 7.2<\/td><td>Behrends\/Hensel\/Wiedau<\/td><td>alba<\/td><td>1989<\/td><\/tr><tr><td>OO3<\/td><td>G\u00fcterwagen deutscher Eisenbahnen 7.1<\/td><td>Behrends\/Hensel\/Wiedau<\/td><td>alba<\/td><td>1989<\/td><\/tr><tr><td>OO4<\/td><td>Wagons im Werk<\/td><td>Friedhelm Weidelich<\/td><td>Weidelich<\/td><td>1985<\/td><\/tr><tr><td>OO5<\/td><td>G\u00fcterwagen Band 1<\/td><td>Carstens\/Ossi<\/td><td>Bahn&amp;Modell<\/td><td>1989<\/td><\/tr><tr><td>OO6<\/td><td>G\u00fcterwagen Band 2<\/td><td>Carstens\/Diener<\/td><td>Bahn&amp;Modell<\/td><td>1989<\/td><\/tr><tr><td>OO7<\/td><td>G\u00fcterwagen Band 3<\/td><td>Carstens\/Diener<\/td><td>Vorbild&amp;Modell<\/td><td>1996<\/td><\/tr><tr><td>OO8<\/td><td>G\u00fcterwagen Archiv 1<\/td><td>Behrends\/Hensel\/Wiedau<\/td><td>transpress<\/td><td>1989<\/td><\/tr><tr><td>OO9<\/td><td>G\u00fcterwagen Archiv 2<\/td><td>Behrends\/Hensel\/Wiedau<\/td><td>transpress<\/td><td>1989<\/td><\/tr><tr><td>O10<\/td><td>Historische G\u00fcterwagen<\/td><td>Manfred Jakobs<\/td><td>Georg Siemens<\/td><td>1985<\/td><\/tr><tr><td>O11<\/td><td>G\u00fcterwagen der Deutschen Reichsbahn<\/td><td><\/td><td>Minist. Verkehrswesen<\/td><td>1981<\/td><\/tr><\/tbody><\/table><\/figure>\n","protected":false},"excerpt":{"rendered":"<p>H.2 G\u00fcterwagen OO1 Geschichte der Eisenbahn-Bierwagen Lothar Spielhoff Eisenbahnkurier 2000 OO2 G\u00fcterwagen deutscher Eisenbahnen 7.2 Behrends\/Hensel\/Wiedau alba 1989 OO3 G\u00fcterwagen deutscher Eisenbahnen 7.1 Behrends\/Hensel\/Wiedau alba 1989 OO4 Wagons im Werk Friedhelm Weidelich Weidelich 1985 OO5 G\u00fcterwagen Band 1 Carstens\/Ossi Bahn&amp;Modell 1989 OO6 G\u00fcterwagen Band 2 Carstens\/Diener Bahn&amp;Modell 1989 OO7 G\u00fcterwagen Band 3 Carstens\/Diener Vorbild&amp;Modell 1996 [&hellip;]<\/p>\n","protected":false},"author":2,"featured_media":0,"parent":0,"menu_order":0,"comment_status":"closed","ping_status":"closed","template":"","meta":{"footnotes":""},"class_list":["post-2785","page","type-page","status-publish","hentry"],"yoast_head":"<!-- This site is optimized with the Yoast SEO plugin v27.4 - https:\/\/yoast.com\/product\/yoast-seo-wordpress\/ -->\n<title>G\u00fcterwagen - EBFL<\/title>\n<meta name=\"robots\" content=\"index, follow, max-snippet:-1, max-image-preview:large, max-video-preview:-1\" \/>\n<link rel=\"canonical\" href=\"https:\/\/ebfl.at\/index.php\/gueterwagen\/\" \/>\n<meta property=\"og:locale\" content=\"de_DE\" \/>\n<meta property=\"og:type\" content=\"article\" \/>\n<meta property=\"og:title\" content=\"G\u00fcterwagen - EBFL\" \/>\n<meta property=\"og:description\" content=\"H.2 G\u00fcterwagen OO1 Geschichte der Eisenbahn-Bierwagen Lothar Spielhoff Eisenbahnkurier 2000 OO2 G\u00fcterwagen deutscher Eisenbahnen 7.2 Behrends\/Hensel\/Wiedau alba 1989 OO3 G\u00fcterwagen deutscher Eisenbahnen 7.1 Behrends\/Hensel\/Wiedau alba 1989 OO4 Wagons im Werk Friedhelm Weidelich Weidelich 1985 OO5 G\u00fcterwagen Band 1 Carstens\/Ossi Bahn&amp;Modell 1989 OO6 G\u00fcterwagen Band 2 Carstens\/Diener Bahn&amp;Modell 1989 OO7 G\u00fcterwagen Band 3 Carstens\/Diener Vorbild&amp;Modell 1996 [&hellip;]\" \/>\n<meta property=\"og:url\" content=\"https:\/\/ebfl.at\/index.php\/gueterwagen\/\" \/>\n<meta property=\"og:site_name\" content=\"EBFL\" \/>\n<meta property=\"article:publisher\" content=\"https:\/\/www.facebook.com\/pages\/category\/History-Museum\/EBFLat-301838060596265\/\" \/>\n<meta property=\"article:modified_time\" content=\"2021-05-04T17:40:14+00:00\" \/>\n<meta name=\"twitter:card\" content=\"summary_large_image\" \/>\n<meta name=\"twitter:label1\" content=\"Gesch\u00e4tzte Lesezeit\" \/>\n\t<meta name=\"twitter:data1\" content=\"1\u00a0Minute\" \/>\n<script type=\"application\/ld+json\" class=\"yoast-schema-graph\">{\"@context\":\"https:\\\/\\\/schema.org\",\"@graph\":[{\"@type\":\"WebPage\",\"@id\":\"https:\\\/\\\/ebfl.at\\\/index.php\\\/gueterwagen\\\/\",\"url\":\"https:\\\/\\\/ebfl.at\\\/index.php\\\/gueterwagen\\\/\",\"name\":\"G\u00fcterwagen - EBFL\",\"isPartOf\":{\"@id\":\"https:\\\/\\\/ebfl.at\\\/#website\"},\"datePublished\":\"2021-05-04T17:40:13+00:00\",\"dateModified\":\"2021-05-04T17:40:14+00:00\",\"breadcrumb\":{\"@id\":\"https:\\\/\\\/ebfl.at\\\/index.php\\\/gueterwagen\\\/#breadcrumb\"},\"inLanguage\":\"de\",\"potentialAction\":[{\"@type\":\"ReadAction\",\"target\":[\"https:\\\/\\\/ebfl.at\\\/index.php\\\/gueterwagen\\\/\"]}]},{\"@type\":\"BreadcrumbList\",\"@id\":\"https:\\\/\\\/ebfl.at\\\/index.php\\\/gueterwagen\\\/#breadcrumb\",\"itemListElement\":[{\"@type\":\"ListItem\",\"position\":1,\"name\":\"Startseite\",\"item\":\"https:\\\/\\\/ebfl.at\\\/\"},{\"@type\":\"ListItem\",\"position\":2,\"name\":\"G\u00fcterwagen\"}]},{\"@type\":\"WebSite\",\"@id\":\"https:\\\/\\\/ebfl.at\\\/#website\",\"url\":\"https:\\\/\\\/ebfl.at\\\/\",\"name\":\"EBFL Eisenbahnfreunde Lienz\",\"description\":\"Verein der Eisenbahnfreunde in Lienz\",\"publisher\":{\"@id\":\"https:\\\/\\\/ebfl.at\\\/#organization\"},\"potentialAction\":[{\"@type\":\"SearchAction\",\"target\":{\"@type\":\"EntryPoint\",\"urlTemplate\":\"https:\\\/\\\/ebfl.at\\\/?s={search_term_string}\"},\"query-input\":{\"@type\":\"PropertyValueSpecification\",\"valueRequired\":true,\"valueName\":\"search_term_string\"}}],\"inLanguage\":\"de\"},{\"@type\":\"Organization\",\"@id\":\"https:\\\/\\\/ebfl.at\\\/#organization\",\"name\":\"EBFL - Eisenbahnfreunde Lienz\",\"url\":\"https:\\\/\\\/ebfl.at\\\/\",\"logo\":{\"@type\":\"ImageObject\",\"inLanguage\":\"de\",\"@id\":\"https:\\\/\\\/ebfl.at\\\/#\\\/schema\\\/logo\\\/image\\\/\",\"url\":\"https:\\\/\\\/ebfl.at\\\/wp-content\\\/uploads\\\/2019\\\/01\\\/Eisenbahnfreunde-Lienz.jpg\",\"contentUrl\":\"https:\\\/\\\/ebfl.at\\\/wp-content\\\/uploads\\\/2019\\\/01\\\/Eisenbahnfreunde-Lienz.jpg\",\"width\":1087,\"height\":480,\"caption\":\"EBFL - Eisenbahnfreunde Lienz\"},\"image\":{\"@id\":\"https:\\\/\\\/ebfl.at\\\/#\\\/schema\\\/logo\\\/image\\\/\"},\"sameAs\":[\"https:\\\/\\\/www.facebook.com\\\/pages\\\/category\\\/History-Museum\\\/EBFLat-301838060596265\\\/\"]}]}<\/script>\n<!-- \/ Yoast SEO plugin. -->","yoast_head_json":{"title":"G\u00fcterwagen - EBFL","robots":{"index":"index","follow":"follow","max-snippet":"max-snippet:-1","max-image-preview":"max-image-preview:large","max-video-preview":"max-video-preview:-1"},"canonical":"https:\/\/ebfl.at\/index.php\/gueterwagen\/","og_locale":"de_DE","og_type":"article","og_title":"G\u00fcterwagen - EBFL","og_description":"H.2 G\u00fcterwagen OO1 Geschichte der Eisenbahn-Bierwagen Lothar Spielhoff Eisenbahnkurier 2000 OO2 G\u00fcterwagen deutscher Eisenbahnen 7.2 Behrends\/Hensel\/Wiedau alba 1989 OO3 G\u00fcterwagen deutscher Eisenbahnen 7.1 Behrends\/Hensel\/Wiedau alba 1989 OO4 Wagons im Werk Friedhelm Weidelich Weidelich 1985 OO5 G\u00fcterwagen Band 1 Carstens\/Ossi Bahn&amp;Modell 1989 OO6 G\u00fcterwagen Band 2 Carstens\/Diener Bahn&amp;Modell 1989 OO7 G\u00fcterwagen Band 3 Carstens\/Diener Vorbild&amp;Modell 1996 [&hellip;]","og_url":"https:\/\/ebfl.at\/index.php\/gueterwagen\/","og_site_name":"EBFL","article_publisher":"https:\/\/www.facebook.com\/pages\/category\/History-Museum\/EBFLat-301838060596265\/","article_modified_time":"2021-05-04T17:40:14+00:00","twitter_card":"summary_large_image","twitter_misc":{"Gesch\u00e4tzte Lesezeit":"1\u00a0Minute"},"schema":{"@context":"https:\/\/schema.org","@graph":[{"@type":"WebPage","@id":"https:\/\/ebfl.at\/index.php\/gueterwagen\/","url":"https:\/\/ebfl.at\/index.php\/gueterwagen\/","name":"G\u00fcterwagen - EBFL","isPartOf":{"@id":"https:\/\/ebfl.at\/#website"},"datePublished":"2021-05-04T17:40:13+00:00","dateModified":"2021-05-04T17:40:14+00:00","breadcrumb":{"@id":"https:\/\/ebfl.at\/index.php\/gueterwagen\/#breadcrumb"},"inLanguage":"de","potentialAction":[{"@type":"ReadAction","target":["https:\/\/ebfl.at\/index.php\/gueterwagen\/"]}]},{"@type":"BreadcrumbList","@id":"https:\/\/ebfl.at\/index.php\/gueterwagen\/#breadcrumb","itemListElement":[{"@type":"ListItem","position":1,"name":"Startseite","item":"https:\/\/ebfl.at\/"},{"@type":"ListItem","position":2,"name":"G\u00fcterwagen"}]},{"@type":"WebSite","@id":"https:\/\/ebfl.at\/#website","url":"https:\/\/ebfl.at\/","name":"EBFL Eisenbahnfreunde Lienz","description":"Verein der Eisenbahnfreunde in Lienz","publisher":{"@id":"https:\/\/ebfl.at\/#organization"},"potentialAction":[{"@type":"SearchAction","target":{"@type":"EntryPoint","urlTemplate":"https:\/\/ebfl.at\/?s={search_term_string}"},"query-input":{"@type":"PropertyValueSpecification","valueRequired":true,"valueName":"search_term_string"}}],"inLanguage":"de"},{"@type":"Organization","@id":"https:\/\/ebfl.at\/#organization","name":"EBFL - Eisenbahnfreunde Lienz","url":"https:\/\/ebfl.at\/","logo":{"@type":"ImageObject","inLanguage":"de","@id":"https:\/\/ebfl.at\/#\/schema\/logo\/image\/","url":"https:\/\/ebfl.at\/wp-content\/uploads\/2019\/01\/Eisenbahnfreunde-Lienz.jpg","contentUrl":"https:\/\/ebfl.at\/wp-content\/uploads\/2019\/01\/Eisenbahnfreunde-Lienz.jpg","width":1087,"height":480,"caption":"EBFL - Eisenbahnfreunde Lienz"},"image":{"@id":"https:\/\/ebfl.at\/#\/schema\/logo\/image\/"},"sameAs":["https:\/\/www.facebook.com\/pages\/category\/History-Museum\/EBFLat-301838060596265\/"]}]}},"_links":{"self":[{"href":"https:\/\/ebfl.at\/index.php\/wp-json\/wp\/v2\/pages\/2785","targetHints":{"allow":["GET"]}}],"collection":[{"href":"https:\/\/ebfl.at\/index.php\/wp-json\/wp\/v2\/pages"}],"about":[{"href":"https:\/\/ebfl.at\/index.php\/wp-json\/wp\/v2\/types\/page"}],"author":[{"embeddable":true,"href":"https:\/\/ebfl.at\/index.php\/wp-json\/wp\/v2\/users\/2"}],"replies":[{"embeddable":true,"href":"https:\/\/ebfl.at\/index.php\/wp-json\/wp\/v2\/comments?post=2785"}],"version-history":[{"count":1,"href":"https:\/\/ebfl.at\/index.php\/wp-json\/wp\/v2\/pages\/2785\/revisions"}],"predecessor-version":[{"id":2786,"href":"https:\/\/ebfl.at\/index.php\/wp-json\/wp\/v2\/pages\/2785\/revisions\/2786"}],"wp:attachment":[{"href":"https:\/\/ebfl.at\/index.php\/wp-json\/wp\/v2\/media?parent=2785"}],"curies":[{"name":"wp","href":"https:\/\/api.w.org\/{rel}","templated":true}]}}

Güterwagen

<figure class="wp-block-table is-style-regular"><table><tbody><tr><td><strong></strong></td><td><strong>H.2 Güterwagen</strong></td><td><strong></strong></td><td><strong></strong></td><td><strong></strong></td></tr><tr><td>OO1</td><td>Geschichte der Eisenbahn-Bierwagen</td><td>Lothar Spielhoff</td><td>Eisenbahnkurier</td><td>2000</td></tr><tr><td>OO2</td><td>Güterwagen deutscher Eisenbahnen 7.2</td><td>Behrends/Hensel/Wiedau</td><td>alba</td><td>1989</td></tr><tr><td>OO3</td><td>Güterwagen deutscher Eisenbahnen 7.1</td><td>Behrends/Hensel/Wiedau</td><td>alba</td><td>1989</td></tr><tr><td>OO4</td><td>Wagons im Werk</td><td>Friedhelm Weidelich</td><td>Weidelich</td><td>1985</td></tr><tr><td>OO5</td><td>Güterwagen Band 1</td><td>Carstens/Ossi</td><td>Bahn&amp;Modell</td><td>1989</td></tr><tr><td>OO6</td><td>Güterwagen Band 2</td><td>Carstens/Diener</td><td>Bahn&amp;Modell</td><td>1989</td></tr><tr><td>OO7</td><td>Güterwagen Band 3</td><td>Carstens/Diener</td><td>Vorbild&amp;Modell</td><td>1996</td></tr><tr><td>OO8</td><td>Güterwagen Archiv 1</td><td>Behrends/Hensel/Wiedau</td><td>transpress</td><td>1989</td></tr><tr><td>OO9</td><td>Güterwagen Archiv 2</td><td>Behrends/Hensel/Wiedau</td><td>transpress</td><td>1989</td></tr><tr><td>O10</td><td>Historische Güterwagen</td><td>Manfred Jakobs</td><td>Georg Siemens</td><td>1985</td></tr><tr><td>O11</td><td>Güterwagen der Deutschen Reichsbahn</td><td></td><td>Minist. Verkehrswesen</td><td>1981</td></tr></tbody></table></figure>

<p>H.2 Güterwagen OO1 Geschichte der Eisenbahn-Bierwagen Lothar Spielhoff Eisenbahnkurier 2000 OO2 Güterwagen deutscher Eisenbahnen 7.2 Behrends/Hensel/Wiedau alba 1989 OO3 Güterwagen deutscher Eisenbahnen 7.1 Behrends/Hensel/Wiedau alba 1989 OO4 Wagons im Werk Friedhelm Weidelich Weidelich 1985 OO5 Güterwagen Band 1 Carstens/Ossi Bahn&amp;Modell 1989 OO6 Güterwagen Band 2 Carstens/Diener Bahn&amp;Modell 1989 OO7 Güterwagen Band 3 Carstens/Diener Vorbild&amp;Modell 1996 [&hellip;]</p>

<!-- This site is optimized with the Yoast SEO plugin v27.4 - https://yoast.com/product/yoast-seo-wordpress/ -->
<title>Güterwagen - EBFL</title>
<meta name="robots" content="index, follow, max-snippet:-1, max-image-preview:large, max-video-preview:-1" />
<link rel="canonical" href="https://ebfl.at/index.php/gueterwagen/" />
<meta property="og:locale" content="de_DE" />
<meta property="og:type" content="article" />
<meta property="og:title" content="Güterwagen - EBFL" />
<meta property="og:description" content="H.2 Güterwagen OO1 Geschichte der Eisenbahn-Bierwagen Lothar Spielhoff Eisenbahnkurier 2000 OO2 Güterwagen deutscher Eisenbahnen 7.2 Behrends/Hensel/Wiedau alba 1989 OO3 Güterwagen deutscher Eisenbahnen 7.1 Behrends/Hensel/Wiedau alba 1989 OO4 Wagons im Werk Friedhelm Weidelich Weidelich 1985 OO5 Güterwagen Band 1 Carstens/Ossi Bahn&amp;Modell 1989 OO6 Güterwagen Band 2 Carstens/Diener Bahn&amp;Modell 1989 OO7 Güterwagen Band 3 Carstens/Diener Vorbild&amp;Modell 1996 [&hellip;]" />
<meta property="og:url" content="https://ebfl.at/index.php/gueterwagen/" />
<meta property="og:site_name" content="EBFL" />
<meta property="article:publisher" content="https://www.facebook.com/pages/category/History-Museum/EBFLat-301838060596265/" />
<meta property="article:modified_time" content="2021-05-04T17:40:14+00:00" />
<meta name="twitter:card" content="summary_large_image" />
<meta name="twitter:label1" content="Geschätzte Lesezeit" />
	<meta name="twitter:data1" content="1 Minute" />
<script type="application/ld+json" class="yoast-schema-graph">{"@context":"https:\/\/schema.org","@graph":[{"@type":"WebPage","@id":"https:\/\/ebfl.at\/index.php\/gueterwagen\/","url":"https:\/\/ebfl.at\/index.php\/gueterwagen\/","name":"Güterwagen - EBFL","isPartOf":{"@id":"https:\/\/ebfl.at\/#website"},"datePublished":"2021-05-04T17:40:13+00:00","dateModified":"2021-05-04T17:40:14+00:00","breadcrumb":{"@id":"https:\/\/ebfl.at\/index.php\/gueterwagen\/#breadcrumb"},"inLanguage":"de","potentialAction":[{"@type":"ReadAction","target":["https:\/\/ebfl.at\/index.php\/gueterwagen\/"]}]},{"@type":"BreadcrumbList","@id":"https:\/\/ebfl.at\/index.php\/gueterwagen\/#breadcrumb","itemListElement":[{"@type":"ListItem","position":1,"name":"Startseite","item":"https:\/\/ebfl.at\/"},{"@type":"ListItem","position":2,"name":"Güterwagen"}]},{"@type":"WebSite","@id":"https:\/\/ebfl.at\/#website","url":"https:\/\/ebfl.at\/","name":"EBFL Eisenbahnfreunde Lienz","description":"Verein der Eisenbahnfreunde in Lienz","publisher":{"@id":"https:\/\/ebfl.at\/#organization"},"potentialAction":[{"@type":"SearchAction","target":{"@type":"EntryPoint","urlTemplate":"https:\/\/ebfl.at\/?s={search_term_string}"},"query-input":{"@type":"PropertyValueSpecification","valueRequired":true,"valueName":"search_term_string"}}],"inLanguage":"de"},{"@type":"Organization","@id":"https:\/\/ebfl.at\/#organization","name":"EBFL - Eisenbahnfreunde Lienz","url":"https:\/\/ebfl.at\/","logo":{"@type":"ImageObject","inLanguage":"de","@id":"https:\/\/ebfl.at\/#\/schema\/logo\/image\/","url":"https:\/\/ebfl.at\/wp-content\/uploads\/2019\/01\/Eisenbahnfreunde-Lienz.jpg","contentUrl":"https:\/\/ebfl.at\/wp-content\/uploads\/2019\/01\/Eisenbahnfreunde-Lienz.jpg","width":1087,"height":480,"caption":"EBFL - Eisenbahnfreunde Lienz"},"image":{"@id":"https:\/\/ebfl.at\/#\/schema\/logo\/image\/"},"sameAs":["https:\/\/www.facebook.com\/pages\/category\/History-Museum\/EBFLat-301838060596265\/"]}]}</script>
<!-- / Yoast SEO plugin. -->

Güterwagen - EBFL

H.2 Güterwagen OO1 Geschichte der Eisenbahn-Bierwagen Lothar Spielhoff Eisenbahnkurier 2000 OO2 Güterwagen deutscher Eisenbahnen 7.2 Behrends/Hensel/Wiedau alba 1989 OO3 Güterwagen deutscher Eisenbahnen 7.1 Behrends/Hensel/Wiedau alba 1989 OO4 Wagons im Werk Friedhelm Weidelich Weidelich 1985 OO5 Güterwagen Band 1 Carstens/Ossi Bahn&amp;Modell 1989 OO6 Güterwagen Band 2 Carstens/Diener Bahn&amp;Modell 1989 OO7 Güterwagen Band 3 Carstens/Diener Vorbild&amp;Modell 1996 [&hellip;]
