{"id":3452,"date":"2022-10-13T14:44:48","date_gmt":"2022-10-13T12:44:48","guid":{"rendered":"https:\/\/ebfl.at\/?page_id=3452"},"modified":"2022-10-13T14:48:12","modified_gmt":"2022-10-13T12:48:12","slug":"oesterreichisches-museumsguetesiegel","status":"publish","type":"page","link":"https:\/\/ebfl.at\/index.php\/oesterreichisches-museumsguetesiegel\/","title":{"rendered":"\u00d6sterreichisches Museumsg\u00fctesiegel"},"content":{"rendered":"\n<figure class=\"wp-block-gallery has-nested-images columns-default is-cropped wp-block-gallery-1 is-layout-flex wp-block-gallery-is-layout-flex\">\n<figure class=\"wp-block-image size-large\"><img loading=\"lazy\" decoding=\"async\" width=\"1024\" height=\"682\" data-id=\"3453\" src=\"https:\/\/ebfl.at\/wp-content\/uploads\/2022\/10\/20221012_33OesterreichischerMuseumstag_20OesterreichischesMuseumsguetesiegelVerleihung@WappensaalLandhausKlagenfurt_007-1024x682.jpg\" alt=\"\" class=\"wp-image-3453\" srcset=\"https:\/\/ebfl.at\/wp-content\/uploads\/2022\/10\/20221012_33OesterreichischerMuseumstag_20OesterreichischesMuseumsguetesiegelVerleihung@WappensaalLandhausKlagenfurt_007-1024x682.jpg 1024w, https:\/\/ebfl.at\/wp-content\/uploads\/2022\/10\/20221012_33OesterreichischerMuseumstag_20OesterreichischesMuseumsguetesiegelVerleihung@WappensaalLandhausKlagenfurt_007-300x200.jpg 300w, https:\/\/ebfl.at\/wp-content\/uploads\/2022\/10\/20221012_33OesterreichischerMuseumstag_20OesterreichischesMuseumsguetesiegelVerleihung@WappensaalLandhausKlagenfurt_007-768x511.jpg 768w, https:\/\/ebfl.at\/wp-content\/uploads\/2022\/10\/20221012_33OesterreichischerMuseumstag_20OesterreichischesMuseumsguetesiegelVerleihung@WappensaalLandhausKlagenfurt_007-1536x1022.jpg 1536w, https:\/\/ebfl.at\/wp-content\/uploads\/2022\/10\/20221012_33OesterreichischerMuseumstag_20OesterreichischesMuseumsguetesiegelVerleihung@WappensaalLandhausKlagenfurt_007-2048x1363.jpg 2048w\" sizes=\"auto, (max-width: 1024px) 100vw, 1024px\" \/><figcaption>33. \u00d6sterreichischer Museumstag<br> Fotos: Thomas Hude, 12.10.2022<\/figcaption><\/figure>\n\n\n\n<figure class=\"wp-block-image size-large\"><img loading=\"lazy\" decoding=\"async\" width=\"2560\" height=\"1704\" data-id=\"3454\" src=\"https:\/\/ebfl.at\/wp-content\/uploads\/2022\/10\/20221012_33OesterreichischerMuseumstag_20OesterreichischesMuseumsguetesiegelVerleihung@WappensaalLandhausKlagenfurt_031-scaled.jpg\" alt=\"\" class=\"wp-image-3454\" srcset=\"https:\/\/ebfl.at\/wp-content\/uploads\/2022\/10\/20221012_33OesterreichischerMuseumstag_20OesterreichischesMuseumsguetesiegelVerleihung@WappensaalLandhausKlagenfurt_031-scaled.jpg 2560w, https:\/\/ebfl.at\/wp-content\/uploads\/2022\/10\/20221012_33OesterreichischerMuseumstag_20OesterreichischesMuseumsguetesiegelVerleihung@WappensaalLandhausKlagenfurt_031-300x200.jpg 300w, https:\/\/ebfl.at\/wp-content\/uploads\/2022\/10\/20221012_33OesterreichischerMuseumstag_20OesterreichischesMuseumsguetesiegelVerleihung@WappensaalLandhausKlagenfurt_031-1024x682.jpg 1024w, https:\/\/ebfl.at\/wp-content\/uploads\/2022\/10\/20221012_33OesterreichischerMuseumstag_20OesterreichischesMuseumsguetesiegelVerleihung@WappensaalLandhausKlagenfurt_031-768x511.jpg 768w, https:\/\/ebfl.at\/wp-content\/uploads\/2022\/10\/20221012_33OesterreichischerMuseumstag_20OesterreichischesMuseumsguetesiegelVerleihung@WappensaalLandhausKlagenfurt_031-1536x1022.jpg 1536w, https:\/\/ebfl.at\/wp-content\/uploads\/2022\/10\/20221012_33OesterreichischerMuseumstag_20OesterreichischesMuseumsguetesiegelVerleihung@WappensaalLandhausKlagenfurt_031-2048x1363.jpg 2048w\" sizes=\"auto, (max-width: 2560px) 100vw, 2560px\" \/><figcaption>Wappensaal, Landhaus Klagenfurt, <br>Fotos: Thomas Hude, 12.10.2022<\/figcaption><\/figure>\n\n\n\n<figure class=\"wp-block-image size-large\"><img loading=\"lazy\" decoding=\"async\" width=\"2560\" height=\"1704\" data-id=\"3455\" src=\"https:\/\/ebfl.at\/wp-content\/uploads\/2022\/10\/20221012_33OesterreichischerMuseumstag_20OesterreichischesMuseumsguetesiegelVerleihung@WappensaalLandhausKlagenfurt_041-scaled.jpg\" alt=\"\" class=\"wp-image-3455\" srcset=\"https:\/\/ebfl.at\/wp-content\/uploads\/2022\/10\/20221012_33OesterreichischerMuseumstag_20OesterreichischesMuseumsguetesiegelVerleihung@WappensaalLandhausKlagenfurt_041-scaled.jpg 2560w, https:\/\/ebfl.at\/wp-content\/uploads\/2022\/10\/20221012_33OesterreichischerMuseumstag_20OesterreichischesMuseumsguetesiegelVerleihung@WappensaalLandhausKlagenfurt_041-300x200.jpg 300w, https:\/\/ebfl.at\/wp-content\/uploads\/2022\/10\/20221012_33OesterreichischerMuseumstag_20OesterreichischesMuseumsguetesiegelVerleihung@WappensaalLandhausKlagenfurt_041-1024x682.jpg 1024w, https:\/\/ebfl.at\/wp-content\/uploads\/2022\/10\/20221012_33OesterreichischerMuseumstag_20OesterreichischesMuseumsguetesiegelVerleihung@WappensaalLandhausKlagenfurt_041-768x511.jpg 768w, https:\/\/ebfl.at\/wp-content\/uploads\/2022\/10\/20221012_33OesterreichischerMuseumstag_20OesterreichischesMuseumsguetesiegelVerleihung@WappensaalLandhausKlagenfurt_041-1536x1022.jpg 1536w, https:\/\/ebfl.at\/wp-content\/uploads\/2022\/10\/20221012_33OesterreichischerMuseumstag_20OesterreichischesMuseumsguetesiegelVerleihung@WappensaalLandhausKlagenfurt_041-2048x1363.jpg 2048w\" sizes=\"auto, (max-width: 2560px) 100vw, 2560px\" \/><figcaption> Fotos: Thomas Hude, 12.10.2022<\/figcaption><\/figure>\n\n\n\n<figure class=\"wp-block-image size-large\"><img loading=\"lazy\" decoding=\"async\" width=\"2560\" height=\"1703\" data-id=\"3456\" src=\"https:\/\/ebfl.at\/wp-content\/uploads\/2022\/10\/20221012_33OesterreichischerMuseumstag_20OesterreichischesMuseumsguetesiegelVerleihung@WappensaalLandhausKlagenfurt_118-1-scaled.jpg\" alt=\"\" class=\"wp-image-3456\" srcset=\"https:\/\/ebfl.at\/wp-content\/uploads\/2022\/10\/20221012_33OesterreichischerMuseumstag_20OesterreichischesMuseumsguetesiegelVerleihung@WappensaalLandhausKlagenfurt_118-1-scaled.jpg 2560w, https:\/\/ebfl.at\/wp-content\/uploads\/2022\/10\/20221012_33OesterreichischerMuseumstag_20OesterreichischesMuseumsguetesiegelVerleihung@WappensaalLandhausKlagenfurt_118-1-300x200.jpg 300w, https:\/\/ebfl.at\/wp-content\/uploads\/2022\/10\/20221012_33OesterreichischerMuseumstag_20OesterreichischesMuseumsguetesiegelVerleihung@WappensaalLandhausKlagenfurt_118-1-1024x681.jpg 1024w, https:\/\/ebfl.at\/wp-content\/uploads\/2022\/10\/20221012_33OesterreichischerMuseumstag_20OesterreichischesMuseumsguetesiegelVerleihung@WappensaalLandhausKlagenfurt_118-1-768x511.jpg 768w, https:\/\/ebfl.at\/wp-content\/uploads\/2022\/10\/20221012_33OesterreichischerMuseumstag_20OesterreichischesMuseumsguetesiegelVerleihung@WappensaalLandhausKlagenfurt_118-1-1536x1022.jpg 1536w, https:\/\/ebfl.at\/wp-content\/uploads\/2022\/10\/20221012_33OesterreichischerMuseumstag_20OesterreichischesMuseumsguetesiegelVerleihung@WappensaalLandhausKlagenfurt_118-1-2048x1363.jpg 2048w\" sizes=\"auto, (max-width: 2560px) 100vw, 2560px\" \/><figcaption>33. \u00d6sterreichischer Museumstag, 20. \u00d6sterreichisches Museumsg\u00fctesiegel, Verleihung, Wappensaal, Landhaus Klagenfurt, Fotos Thomas Hude, 12.10.2022<\/figcaption><\/figure>\n\n\n\n<figure class=\"wp-block-image size-large\"><img loading=\"lazy\" decoding=\"async\" width=\"408\" height=\"720\" data-id=\"3457\" src=\"https:\/\/ebfl.at\/wp-content\/uploads\/2022\/10\/IMG_0059.jpg\" alt=\"\" class=\"wp-image-3457\" srcset=\"https:\/\/ebfl.at\/wp-content\/uploads\/2022\/10\/IMG_0059.jpg 408w, https:\/\/ebfl.at\/wp-content\/uploads\/2022\/10\/IMG_0059-170x300.jpg 170w\" sizes=\"auto, (max-width: 408px) 100vw, 408px\" \/><figcaption>Foto: Klaus Trojer<\/figcaption><\/figure>\n<\/figure>\n\n\n\n<p><\/p>\n\n\n\n<p>Die Jury hat nach eingehender Pr\u00fcfung festgestellt, das das <strong>Eisenbahn Museum S\u00fcdbahn Heizhaus<\/strong> die geforderten nationalen und internationalen Museumsstandards erf\u00fcllt. Daher verleihen das Nationalkomitee ICOM \u00d6sterreich und der Museumsbund \u00d6sterreich das \u00d6sterreichische Museumsg\u00fctesiegel bis zum Jahr 2027.<\/p>\n\n\n\n<p>Klagenfurt, 12. Oktober 2022<\/p>\n","protected":false},"excerpt":{"rendered":"<p>Die Jury hat nach eingehender Pr\u00fcfung festgestellt, das das Eisenbahn Museum S\u00fcdbahn Heizhaus die geforderten nationalen und internationalen Museumsstandards erf\u00fcllt. Daher verleihen das Nationalkomitee ICOM \u00d6sterreich und der Museumsbund \u00d6sterreich das \u00d6sterreichische Museumsg\u00fctesiegel bis zum Jahr 2027. Klagenfurt, 12. Oktober 2022<\/p>\n","protected":false},"author":2,"featured_media":0,"parent":0,"menu_order":0,"comment_status":"closed","ping_status":"closed","template":"","meta":{"footnotes":""},"class_list":["post-3452","page","type-page","status-publish","hentry"],"yoast_head":"<!-- This site is optimized with the Yoast SEO plugin v27.4 - https:\/\/yoast.com\/product\/yoast-seo-wordpress\/ -->\n<title>\u00d6sterreichisches Museumsg\u00fctesiegel - EBFL<\/title>\n<meta name=\"robots\" content=\"index, follow, max-snippet:-1, max-image-preview:large, max-video-preview:-1\" \/>\n<link rel=\"canonical\" href=\"https:\/\/ebfl.at\/index.php\/oesterreichisches-museumsguetesiegel\/\" \/>\n<meta property=\"og:locale\" content=\"de_DE\" \/>\n<meta property=\"og:type\" content=\"article\" \/>\n<meta property=\"og:title\" content=\"\u00d6sterreichisches Museumsg\u00fctesiegel - EBFL\" \/>\n<meta property=\"og:description\" content=\"Die Jury hat nach eingehender Pr\u00fcfung festgestellt, das das Eisenbahn Museum S\u00fcdbahn Heizhaus die geforderten nationalen und internationalen Museumsstandards erf\u00fcllt. Daher verleihen das Nationalkomitee ICOM \u00d6sterreich und der Museumsbund \u00d6sterreich das \u00d6sterreichische Museumsg\u00fctesiegel bis zum Jahr 2027. Klagenfurt, 12. Oktober 2022\" \/>\n<meta property=\"og:url\" content=\"https:\/\/ebfl.at\/index.php\/oesterreichisches-museumsguetesiegel\/\" \/>\n<meta property=\"og:site_name\" content=\"EBFL\" \/>\n<meta property=\"article:publisher\" content=\"https:\/\/www.facebook.com\/pages\/category\/History-Museum\/EBFLat-301838060596265\/\" \/>\n<meta property=\"article:modified_time\" content=\"2022-10-13T12:48:12+00:00\" \/>\n<meta property=\"og:image\" content=\"https:\/\/ebfl.at\/wp-content\/uploads\/2022\/10\/20221012_33OesterreichischerMuseumstag_20OesterreichischesMuseumsguetesiegelVerleihung@WappensaalLandhausKlagenfurt_007-1024x682.jpg\" \/>\n<meta name=\"twitter:card\" content=\"summary_large_image\" \/>\n<meta name=\"twitter:label1\" content=\"Gesch\u00e4tzte Lesezeit\" \/>\n\t<meta name=\"twitter:data1\" content=\"2\u00a0Minuten\" \/>\n<script type=\"application\/ld+json\" class=\"yoast-schema-graph\">{\"@context\":\"https:\\\/\\\/schema.org\",\"@graph\":[{\"@type\":\"WebPage\",\"@id\":\"https:\\\/\\\/ebfl.at\\\/index.php\\\/oesterreichisches-museumsguetesiegel\\\/\",\"url\":\"https:\\\/\\\/ebfl.at\\\/index.php\\\/oesterreichisches-museumsguetesiegel\\\/\",\"name\":\"\u00d6sterreichisches Museumsg\u00fctesiegel - EBFL\",\"isPartOf\":{\"@id\":\"https:\\\/\\\/ebfl.at\\\/#website\"},\"primaryImageOfPage\":{\"@id\":\"https:\\\/\\\/ebfl.at\\\/index.php\\\/oesterreichisches-museumsguetesiegel\\\/#primaryimage\"},\"image\":{\"@id\":\"https:\\\/\\\/ebfl.at\\\/index.php\\\/oesterreichisches-museumsguetesiegel\\\/#primaryimage\"},\"thumbnailUrl\":\"https:\\\/\\\/ebfl.at\\\/wp-content\\\/uploads\\\/2022\\\/10\\\/20221012_33OesterreichischerMuseumstag_20OesterreichischesMuseumsguetesiegelVerleihung@WappensaalLandhausKlagenfurt_007-1024x682.jpg\",\"datePublished\":\"2022-10-13T12:44:48+00:00\",\"dateModified\":\"2022-10-13T12:48:12+00:00\",\"breadcrumb\":{\"@id\":\"https:\\\/\\\/ebfl.at\\\/index.php\\\/oesterreichisches-museumsguetesiegel\\\/#breadcrumb\"},\"inLanguage\":\"de\",\"potentialAction\":[{\"@type\":\"ReadAction\",\"target\":[\"https:\\\/\\\/ebfl.at\\\/index.php\\\/oesterreichisches-museumsguetesiegel\\\/\"]}]},{\"@type\":\"ImageObject\",\"inLanguage\":\"de\",\"@id\":\"https:\\\/\\\/ebfl.at\\\/index.php\\\/oesterreichisches-museumsguetesiegel\\\/#primaryimage\",\"url\":\"https:\\\/\\\/ebfl.at\\\/wp-content\\\/uploads\\\/2022\\\/10\\\/20221012_33OesterreichischerMuseumstag_20OesterreichischesMuseumsguetesiegelVerleihung@WappensaalLandhausKlagenfurt_007-1024x682.jpg\",\"contentUrl\":\"https:\\\/\\\/ebfl.at\\\/wp-content\\\/uploads\\\/2022\\\/10\\\/20221012_33OesterreichischerMuseumstag_20OesterreichischesMuseumsguetesiegelVerleihung@WappensaalLandhausKlagenfurt_007-1024x682.jpg\"},{\"@type\":\"BreadcrumbList\",\"@id\":\"https:\\\/\\\/ebfl.at\\\/index.php\\\/oesterreichisches-museumsguetesiegel\\\/#breadcrumb\",\"itemListElement\":[{\"@type\":\"ListItem\",\"position\":1,\"name\":\"Startseite\",\"item\":\"https:\\\/\\\/ebfl.at\\\/\"},{\"@type\":\"ListItem\",\"position\":2,\"name\":\"\u00d6sterreichisches Museumsg\u00fctesiegel\"}]},{\"@type\":\"WebSite\",\"@id\":\"https:\\\/\\\/ebfl.at\\\/#website\",\"url\":\"https:\\\/\\\/ebfl.at\\\/\",\"name\":\"EBFL Eisenbahnfreunde Lienz\",\"description\":\"Verein der Eisenbahnfreunde in Lienz\",\"publisher\":{\"@id\":\"https:\\\/\\\/ebfl.at\\\/#organization\"},\"potentialAction\":[{\"@type\":\"SearchAction\",\"target\":{\"@type\":\"EntryPoint\",\"urlTemplate\":\"https:\\\/\\\/ebfl.at\\\/?s={search_term_string}\"},\"query-input\":{\"@type\":\"PropertyValueSpecification\",\"valueRequired\":true,\"valueName\":\"search_term_string\"}}],\"inLanguage\":\"de\"},{\"@type\":\"Organization\",\"@id\":\"https:\\\/\\\/ebfl.at\\\/#organization\",\"name\":\"EBFL - Eisenbahnfreunde Lienz\",\"url\":\"https:\\\/\\\/ebfl.at\\\/\",\"logo\":{\"@type\":\"ImageObject\",\"inLanguage\":\"de\",\"@id\":\"https:\\\/\\\/ebfl.at\\\/#\\\/schema\\\/logo\\\/image\\\/\",\"url\":\"https:\\\/\\\/ebfl.at\\\/wp-content\\\/uploads\\\/2019\\\/01\\\/Eisenbahnfreunde-Lienz.jpg\",\"contentUrl\":\"https:\\\/\\\/ebfl.at\\\/wp-content\\\/uploads\\\/2019\\\/01\\\/Eisenbahnfreunde-Lienz.jpg\",\"width\":1087,\"height\":480,\"caption\":\"EBFL - Eisenbahnfreunde Lienz\"},\"image\":{\"@id\":\"https:\\\/\\\/ebfl.at\\\/#\\\/schema\\\/logo\\\/image\\\/\"},\"sameAs\":[\"https:\\\/\\\/www.facebook.com\\\/pages\\\/category\\\/History-Museum\\\/EBFLat-301838060596265\\\/\"]}]}<\/script>\n<!-- \/ Yoast SEO plugin. -->","yoast_head_json":{"title":"\u00d6sterreichisches Museumsg\u00fctesiegel - EBFL","robots":{"index":"index","follow":"follow","max-snippet":"max-snippet:-1","max-image-preview":"max-image-preview:large","max-video-preview":"max-video-preview:-1"},"canonical":"https:\/\/ebfl.at\/index.php\/oesterreichisches-museumsguetesiegel\/","og_locale":"de_DE","og_type":"article","og_title":"\u00d6sterreichisches Museumsg\u00fctesiegel - EBFL","og_description":"Die Jury hat nach eingehender Pr\u00fcfung festgestellt, das das Eisenbahn Museum S\u00fcdbahn Heizhaus die geforderten nationalen und internationalen Museumsstandards erf\u00fcllt. Daher verleihen das Nationalkomitee ICOM \u00d6sterreich und der Museumsbund \u00d6sterreich das \u00d6sterreichische Museumsg\u00fctesiegel bis zum Jahr 2027. Klagenfurt, 12. Oktober 2022","og_url":"https:\/\/ebfl.at\/index.php\/oesterreichisches-museumsguetesiegel\/","og_site_name":"EBFL","article_publisher":"https:\/\/www.facebook.com\/pages\/category\/History-Museum\/EBFLat-301838060596265\/","article_modified_time":"2022-10-13T12:48:12+00:00","og_image":[{"url":"https:\/\/ebfl.at\/wp-content\/uploads\/2022\/10\/20221012_33OesterreichischerMuseumstag_20OesterreichischesMuseumsguetesiegelVerleihung@WappensaalLandhausKlagenfurt_007-1024x682.jpg","type":"","width":"","height":""}],"twitter_card":"summary_large_image","twitter_misc":{"Gesch\u00e4tzte Lesezeit":"2\u00a0Minuten"},"schema":{"@context":"https:\/\/schema.org","@graph":[{"@type":"WebPage","@id":"https:\/\/ebfl.at\/index.php\/oesterreichisches-museumsguetesiegel\/","url":"https:\/\/ebfl.at\/index.php\/oesterreichisches-museumsguetesiegel\/","name":"\u00d6sterreichisches Museumsg\u00fctesiegel - EBFL","isPartOf":{"@id":"https:\/\/ebfl.at\/#website"},"primaryImageOfPage":{"@id":"https:\/\/ebfl.at\/index.php\/oesterreichisches-museumsguetesiegel\/#primaryimage"},"image":{"@id":"https:\/\/ebfl.at\/index.php\/oesterreichisches-museumsguetesiegel\/#primaryimage"},"thumbnailUrl":"https:\/\/ebfl.at\/wp-content\/uploads\/2022\/10\/20221012_33OesterreichischerMuseumstag_20OesterreichischesMuseumsguetesiegelVerleihung@WappensaalLandhausKlagenfurt_007-1024x682.jpg","datePublished":"2022-10-13T12:44:48+00:00","dateModified":"2022-10-13T12:48:12+00:00","breadcrumb":{"@id":"https:\/\/ebfl.at\/index.php\/oesterreichisches-museumsguetesiegel\/#breadcrumb"},"inLanguage":"de","potentialAction":[{"@type":"ReadAction","target":["https:\/\/ebfl.at\/index.php\/oesterreichisches-museumsguetesiegel\/"]}]},{"@type":"ImageObject","inLanguage":"de","@id":"https:\/\/ebfl.at\/index.php\/oesterreichisches-museumsguetesiegel\/#primaryimage","url":"https:\/\/ebfl.at\/wp-content\/uploads\/2022\/10\/20221012_33OesterreichischerMuseumstag_20OesterreichischesMuseumsguetesiegelVerleihung@WappensaalLandhausKlagenfurt_007-1024x682.jpg","contentUrl":"https:\/\/ebfl.at\/wp-content\/uploads\/2022\/10\/20221012_33OesterreichischerMuseumstag_20OesterreichischesMuseumsguetesiegelVerleihung@WappensaalLandhausKlagenfurt_007-1024x682.jpg"},{"@type":"BreadcrumbList","@id":"https:\/\/ebfl.at\/index.php\/oesterreichisches-museumsguetesiegel\/#breadcrumb","itemListElement":[{"@type":"ListItem","position":1,"name":"Startseite","item":"https:\/\/ebfl.at\/"},{"@type":"ListItem","position":2,"name":"\u00d6sterreichisches Museumsg\u00fctesiegel"}]},{"@type":"WebSite","@id":"https:\/\/ebfl.at\/#website","url":"https:\/\/ebfl.at\/","name":"EBFL Eisenbahnfreunde Lienz","description":"Verein der Eisenbahnfreunde in Lienz","publisher":{"@id":"https:\/\/ebfl.at\/#organization"},"potentialAction":[{"@type":"SearchAction","target":{"@type":"EntryPoint","urlTemplate":"https:\/\/ebfl.at\/?s={search_term_string}"},"query-input":{"@type":"PropertyValueSpecification","valueRequired":true,"valueName":"search_term_string"}}],"inLanguage":"de"},{"@type":"Organization","@id":"https:\/\/ebfl.at\/#organization","name":"EBFL - Eisenbahnfreunde Lienz","url":"https:\/\/ebfl.at\/","logo":{"@type":"ImageObject","inLanguage":"de","@id":"https:\/\/ebfl.at\/#\/schema\/logo\/image\/","url":"https:\/\/ebfl.at\/wp-content\/uploads\/2019\/01\/Eisenbahnfreunde-Lienz.jpg","contentUrl":"https:\/\/ebfl.at\/wp-content\/uploads\/2019\/01\/Eisenbahnfreunde-Lienz.jpg","width":1087,"height":480,"caption":"EBFL - Eisenbahnfreunde Lienz"},"image":{"@id":"https:\/\/ebfl.at\/#\/schema\/logo\/image\/"},"sameAs":["https:\/\/www.facebook.com\/pages\/category\/History-Museum\/EBFLat-301838060596265\/"]}]}},"_links":{"self":[{"href":"https:\/\/ebfl.at\/index.php\/wp-json\/wp\/v2\/pages\/3452","targetHints":{"allow":["GET"]}}],"collection":[{"href":"https:\/\/ebfl.at\/index.php\/wp-json\/wp\/v2\/pages"}],"about":[{"href":"https:\/\/ebfl.at\/index.php\/wp-json\/wp\/v2\/types\/page"}],"author":[{"embeddable":true,"href":"https:\/\/ebfl.at\/index.php\/wp-json\/wp\/v2\/users\/2"}],"replies":[{"embeddable":true,"href":"https:\/\/ebfl.at\/index.php\/wp-json\/wp\/v2\/comments?post=3452"}],"version-history":[{"count":2,"href":"https:\/\/ebfl.at\/index.php\/wp-json\/wp\/v2\/pages\/3452\/revisions"}],"predecessor-version":[{"id":3459,"href":"https:\/\/ebfl.at\/index.php\/wp-json\/wp\/v2\/pages\/3452\/revisions\/3459"}],"wp:attachment":[{"href":"https:\/\/ebfl.at\/index.php\/wp-json\/wp\/v2\/media?parent=3452"}],"curies":[{"name":"wp","href":"https:\/\/api.w.org\/{rel}","templated":true}]}}