{"id":4515,"date":"2024-11-14T18:27:05","date_gmt":"2024-11-14T17:27:05","guid":{"rendered":"https:\/\/ebfl.at\/?page_id=4515"},"modified":"2024-11-14T18:48:29","modified_gmt":"2024-11-14T17:48:29","slug":"treno-della-nostalgia-suedbahn-express","status":"publish","type":"page","link":"https:\/\/ebfl.at\/index.php\/treno-della-nostalgia-suedbahn-express\/","title":{"rendered":"Treno della nostalgia S\u00fcdbahn Express"},"content":{"rendered":"\n<figure class=\"wp-block-image size-large is-resized\"><img loading=\"lazy\" decoding=\"async\" width=\"1024\" height=\"768\" src=\"https:\/\/ebfl.at\/wp-content\/uploads\/2024\/06\/Kurz-vor-Lienz-1024x768.jpg\" alt=\"\" class=\"wp-image-4202\" style=\"width:520px;height:auto\" srcset=\"https:\/\/ebfl.at\/wp-content\/uploads\/2024\/06\/Kurz-vor-Lienz-1024x768.jpg 1024w, https:\/\/ebfl.at\/wp-content\/uploads\/2024\/06\/Kurz-vor-Lienz-300x225.jpg 300w, https:\/\/ebfl.at\/wp-content\/uploads\/2024\/06\/Kurz-vor-Lienz-768x576.jpg 768w, https:\/\/ebfl.at\/wp-content\/uploads\/2024\/06\/Kurz-vor-Lienz.jpg 1280w\" sizes=\"auto, (max-width: 1024px) 100vw, 1024px\" \/><\/figure>\n\n\n\n<p class=\"has-small-font-size\">Foto: EBFL<\/p>\n\n\n\n<p><\/p>\n\n\n\n<p>Il <strong>S\u00fcdbahn Express<\/strong> degli appassionati di treni di Lienz \u00e8 un affascinante pezzo di storia ferroviaria vivente ed \u00e8 uno dei treni nostalgici pi\u00f9 belli dell&#8217;Austria. Ecco le informazioni pi\u00f9 importanti su questo treno storico:<\/p>\n\n\n\n<h2 class=\"wp-block-heading\">Composizione del treno<\/h2>\n\n\n\n<p>Il S\u00fcdbahn Express \u00e8 composto da:<\/p>\n\n\n\n<ul class=\"wp-block-list\">\n<li>Una locomotiva elettrica classe 1020.018 del 1940 accuratamente restaurata (mantenuta da IG Tauernbahn)<\/li>\n\n\n\n<li>Quattro vagoni Schlieren accuratamente restaurati, costruiti tra il 1967 e il 1975. Essi riflettono il fascino dei tempi passati.<\/li>\n<\/ul>\n\n\n\n<h2 class=\"wp-block-heading\">Un significato speciale<\/h2>\n\n\n\n<p>Il treno occupa una posizione speciale nelle attivit\u00e0 associative e museali degli appassionati di ferrovia di Lienz. Rappresenta un&#8217;epoca importante della storia ferroviaria austriaca e permette ai visitatori di viverla in prima persona. Collega il passato con il presente e permette ai passeggeri di sperimentare la bellezza del paesaggio e la nostalgia dei tempi passati.<\/p>\n\n\n\n<h2 class=\"wp-block-heading\">Equipaggiamento e comfort<\/h2>\n\n\n\n<p><strong>Posti a sedere confortevoli<\/strong>: Le carrozze sono dotate di comodi sedili che garantiscono un viaggio rilassante.<br><strong>Carrozze restaurate<\/strong>: il treno \u00e8 composto da carrozze accuratamente restaurate che riflettono il fascino dei tempi passati.<\/p>\n\n\n\n<h2 class=\"wp-block-heading\">Viaggi ed esperienze<\/h2>\n\n\n\n<ul class=\"wp-block-list\">\n<li>Gli appassionati di ferrovia di Lienz organizzano regolarmente viaggi con il S\u00fcdbahn Express, che offrono un&#8217;esperienza indimenticabile sia agli appassionati di ferrovia che alle famiglie. I viaggi attraversano paesaggi pittoreschi e offrono l&#8217;opportunit\u00e0 di conoscere da vicino la natura e la cultura della regione.<\/li>\n\n\n\n<li>Il S\u00fcdbahn Express fa spesso parte di eventi speciali ed escursioni che completano l&#8217;esperienza nostalgica. Questi viaggi sono ideali per tutti coloro che vogliono assaporare il fascino della vecchia ferrovia. Il S\u00fcdbahn Express degli appassionati di ferrovia di Lienz non \u00e8 quindi solo un mezzo di trasporto, ma un&#8217;esperienza che fa rivivere la storia e celebra il fascino della cultura ferroviaria in Austria.<\/li>\n<\/ul>\n\n\n\n<h2 class=\"wp-block-heading\">Significato per il museo<\/h2>\n\n\n\n<p>Il S\u00fcdbahn Express non \u00e8 solo un&#8217;esposizione commovente, ma anche un punto di forza del museo ferroviario S\u00fcdbahn Heizhaus di Lienz. Completa l&#8217;esposizione fissa e fa rivivere ai visitatori la storia della ferrovia. Il S\u00fcdbahn Express degli appassionati di ferrovia di Lienz \u00e8 quindi pi\u00f9 di un treno storico: \u00e8 un museo viaggiante che mantiene vivo il fascino dell&#8217;epoca ferroviaria e offre ai visitatori l&#8217;opportunit\u00e0 di vivere da vicino un pezzo di storia dei trasporti austriaci.<\/p>\n","protected":false},"excerpt":{"rendered":"<p>Foto: EBFL Il S\u00fcdbahn Express degli appassionati di treni di Lienz \u00e8 un affascinante pezzo di storia ferroviaria vivente ed \u00e8 uno dei treni nostalgici pi\u00f9 belli dell&#8217;Austria. Ecco le informazioni pi\u00f9 importanti su questo treno storico: Composizione del treno Il S\u00fcdbahn Express \u00e8 composto da: Un significato speciale Il treno occupa una posizione speciale [&hellip;]<\/p>\n","protected":false},"author":2,"featured_media":0,"parent":0,"menu_order":0,"comment_status":"closed","ping_status":"closed","template":"","meta":{"footnotes":""},"class_list":["post-4515","page","type-page","status-publish","hentry"],"yoast_head":"<!-- This site is optimized with the Yoast SEO plugin v27.3 - https:\/\/yoast.com\/product\/yoast-seo-wordpress\/ -->\n<title>Treno della nostalgia S\u00fcdbahn Express - EBFL<\/title>\n<meta name=\"robots\" content=\"index, follow, max-snippet:-1, max-image-preview:large, max-video-preview:-1\" \/>\n<link rel=\"canonical\" href=\"https:\/\/ebfl.at\/index.php\/treno-della-nostalgia-suedbahn-express\/\" \/>\n<meta property=\"og:locale\" content=\"de_DE\" \/>\n<meta property=\"og:type\" content=\"article\" \/>\n<meta property=\"og:title\" content=\"Treno della nostalgia S\u00fcdbahn Express - EBFL\" \/>\n<meta property=\"og:description\" content=\"Foto: EBFL Il S\u00fcdbahn Express degli appassionati di treni di Lienz \u00e8 un affascinante pezzo di storia ferroviaria vivente ed \u00e8 uno dei treni nostalgici pi\u00f9 belli dell&#8217;Austria. Ecco le informazioni pi\u00f9 importanti su questo treno storico: Composizione del treno Il S\u00fcdbahn Express \u00e8 composto da: Un significato speciale Il treno occupa una posizione speciale [&hellip;]\" \/>\n<meta property=\"og:url\" content=\"https:\/\/ebfl.at\/index.php\/treno-della-nostalgia-suedbahn-express\/\" \/>\n<meta property=\"og:site_name\" content=\"EBFL\" \/>\n<meta property=\"article:publisher\" content=\"https:\/\/www.facebook.com\/pages\/category\/History-Museum\/EBFLat-301838060596265\/\" \/>\n<meta property=\"article:modified_time\" content=\"2024-11-14T17:48:29+00:00\" \/>\n<meta property=\"og:image\" content=\"https:\/\/ebfl.at\/wp-content\/uploads\/2024\/06\/Kurz-vor-Lienz.jpg\" \/>\n\t<meta property=\"og:image:width\" content=\"1280\" \/>\n\t<meta property=\"og:image:height\" content=\"960\" \/>\n\t<meta property=\"og:image:type\" content=\"image\/jpeg\" \/>\n<meta name=\"twitter:card\" content=\"summary_large_image\" \/>\n<script type=\"application\/ld+json\" class=\"yoast-schema-graph\">{\"@context\":\"https:\\\/\\\/schema.org\",\"@graph\":[{\"@type\":\"WebPage\",\"@id\":\"https:\\\/\\\/ebfl.at\\\/index.php\\\/treno-della-nostalgia-suedbahn-express\\\/\",\"url\":\"https:\\\/\\\/ebfl.at\\\/index.php\\\/treno-della-nostalgia-suedbahn-express\\\/\",\"name\":\"Treno della nostalgia S\u00fcdbahn Express - EBFL\",\"isPartOf\":{\"@id\":\"https:\\\/\\\/ebfl.at\\\/#website\"},\"primaryImageOfPage\":{\"@id\":\"https:\\\/\\\/ebfl.at\\\/index.php\\\/treno-della-nostalgia-suedbahn-express\\\/#primaryimage\"},\"image\":{\"@id\":\"https:\\\/\\\/ebfl.at\\\/index.php\\\/treno-della-nostalgia-suedbahn-express\\\/#primaryimage\"},\"thumbnailUrl\":\"https:\\\/\\\/ebfl.at\\\/wp-content\\\/uploads\\\/2024\\\/06\\\/Kurz-vor-Lienz-1024x768.jpg\",\"datePublished\":\"2024-11-14T17:27:05+00:00\",\"dateModified\":\"2024-11-14T17:48:29+00:00\",\"breadcrumb\":{\"@id\":\"https:\\\/\\\/ebfl.at\\\/index.php\\\/treno-della-nostalgia-suedbahn-express\\\/#breadcrumb\"},\"inLanguage\":\"de\",\"potentialAction\":[{\"@type\":\"ReadAction\",\"target\":[\"https:\\\/\\\/ebfl.at\\\/index.php\\\/treno-della-nostalgia-suedbahn-express\\\/\"]}]},{\"@type\":\"ImageObject\",\"inLanguage\":\"de\",\"@id\":\"https:\\\/\\\/ebfl.at\\\/index.php\\\/treno-della-nostalgia-suedbahn-express\\\/#primaryimage\",\"url\":\"https:\\\/\\\/ebfl.at\\\/wp-content\\\/uploads\\\/2024\\\/06\\\/Kurz-vor-Lienz.jpg\",\"contentUrl\":\"https:\\\/\\\/ebfl.at\\\/wp-content\\\/uploads\\\/2024\\\/06\\\/Kurz-vor-Lienz.jpg\",\"width\":1280,\"height\":960},{\"@type\":\"BreadcrumbList\",\"@id\":\"https:\\\/\\\/ebfl.at\\\/index.php\\\/treno-della-nostalgia-suedbahn-express\\\/#breadcrumb\",\"itemListElement\":[{\"@type\":\"ListItem\",\"position\":1,\"name\":\"Startseite\",\"item\":\"https:\\\/\\\/ebfl.at\\\/\"},{\"@type\":\"ListItem\",\"position\":2,\"name\":\"Treno della nostalgia S\u00fcdbahn Express\"}]},{\"@type\":\"WebSite\",\"@id\":\"https:\\\/\\\/ebfl.at\\\/#website\",\"url\":\"https:\\\/\\\/ebfl.at\\\/\",\"name\":\"EBFL Eisenbahnfreunde Lienz\",\"description\":\"Verein der Eisenbahnfreunde in Lienz\",\"publisher\":{\"@id\":\"https:\\\/\\\/ebfl.at\\\/#organization\"},\"potentialAction\":[{\"@type\":\"SearchAction\",\"target\":{\"@type\":\"EntryPoint\",\"urlTemplate\":\"https:\\\/\\\/ebfl.at\\\/?s={search_term_string}\"},\"query-input\":{\"@type\":\"PropertyValueSpecification\",\"valueRequired\":true,\"valueName\":\"search_term_string\"}}],\"inLanguage\":\"de\"},{\"@type\":\"Organization\",\"@id\":\"https:\\\/\\\/ebfl.at\\\/#organization\",\"name\":\"EBFL - Eisenbahnfreunde Lienz\",\"url\":\"https:\\\/\\\/ebfl.at\\\/\",\"logo\":{\"@type\":\"ImageObject\",\"inLanguage\":\"de\",\"@id\":\"https:\\\/\\\/ebfl.at\\\/#\\\/schema\\\/logo\\\/image\\\/\",\"url\":\"https:\\\/\\\/ebfl.at\\\/wp-content\\\/uploads\\\/2019\\\/01\\\/Eisenbahnfreunde-Lienz.jpg\",\"contentUrl\":\"https:\\\/\\\/ebfl.at\\\/wp-content\\\/uploads\\\/2019\\\/01\\\/Eisenbahnfreunde-Lienz.jpg\",\"width\":1087,\"height\":480,\"caption\":\"EBFL - Eisenbahnfreunde Lienz\"},\"image\":{\"@id\":\"https:\\\/\\\/ebfl.at\\\/#\\\/schema\\\/logo\\\/image\\\/\"},\"sameAs\":[\"https:\\\/\\\/www.facebook.com\\\/pages\\\/category\\\/History-Museum\\\/EBFLat-301838060596265\\\/\"]}]}<\/script>\n<!-- \/ Yoast SEO plugin. -->","yoast_head_json":{"title":"Treno della nostalgia S\u00fcdbahn Express - EBFL","robots":{"index":"index","follow":"follow","max-snippet":"max-snippet:-1","max-image-preview":"max-image-preview:large","max-video-preview":"max-video-preview:-1"},"canonical":"https:\/\/ebfl.at\/index.php\/treno-della-nostalgia-suedbahn-express\/","og_locale":"de_DE","og_type":"article","og_title":"Treno della nostalgia S\u00fcdbahn Express - EBFL","og_description":"Foto: EBFL Il S\u00fcdbahn Express degli appassionati di treni di Lienz \u00e8 un affascinante pezzo di storia ferroviaria vivente ed \u00e8 uno dei treni nostalgici pi\u00f9 belli dell&#8217;Austria. Ecco le informazioni pi\u00f9 importanti su questo treno storico: Composizione del treno Il S\u00fcdbahn Express \u00e8 composto da: Un significato speciale Il treno occupa una posizione speciale [&hellip;]","og_url":"https:\/\/ebfl.at\/index.php\/treno-della-nostalgia-suedbahn-express\/","og_site_name":"EBFL","article_publisher":"https:\/\/www.facebook.com\/pages\/category\/History-Museum\/EBFLat-301838060596265\/","article_modified_time":"2024-11-14T17:48:29+00:00","og_image":[{"width":1280,"height":960,"url":"https:\/\/ebfl.at\/wp-content\/uploads\/2024\/06\/Kurz-vor-Lienz.jpg","type":"image\/jpeg"}],"twitter_card":"summary_large_image","schema":{"@context":"https:\/\/schema.org","@graph":[{"@type":"WebPage","@id":"https:\/\/ebfl.at\/index.php\/treno-della-nostalgia-suedbahn-express\/","url":"https:\/\/ebfl.at\/index.php\/treno-della-nostalgia-suedbahn-express\/","name":"Treno della nostalgia S\u00fcdbahn Express - EBFL","isPartOf":{"@id":"https:\/\/ebfl.at\/#website"},"primaryImageOfPage":{"@id":"https:\/\/ebfl.at\/index.php\/treno-della-nostalgia-suedbahn-express\/#primaryimage"},"image":{"@id":"https:\/\/ebfl.at\/index.php\/treno-della-nostalgia-suedbahn-express\/#primaryimage"},"thumbnailUrl":"https:\/\/ebfl.at\/wp-content\/uploads\/2024\/06\/Kurz-vor-Lienz-1024x768.jpg","datePublished":"2024-11-14T17:27:05+00:00","dateModified":"2024-11-14T17:48:29+00:00","breadcrumb":{"@id":"https:\/\/ebfl.at\/index.php\/treno-della-nostalgia-suedbahn-express\/#breadcrumb"},"inLanguage":"de","potentialAction":[{"@type":"ReadAction","target":["https:\/\/ebfl.at\/index.php\/treno-della-nostalgia-suedbahn-express\/"]}]},{"@type":"ImageObject","inLanguage":"de","@id":"https:\/\/ebfl.at\/index.php\/treno-della-nostalgia-suedbahn-express\/#primaryimage","url":"https:\/\/ebfl.at\/wp-content\/uploads\/2024\/06\/Kurz-vor-Lienz.jpg","contentUrl":"https:\/\/ebfl.at\/wp-content\/uploads\/2024\/06\/Kurz-vor-Lienz.jpg","width":1280,"height":960},{"@type":"BreadcrumbList","@id":"https:\/\/ebfl.at\/index.php\/treno-della-nostalgia-suedbahn-express\/#breadcrumb","itemListElement":[{"@type":"ListItem","position":1,"name":"Startseite","item":"https:\/\/ebfl.at\/"},{"@type":"ListItem","position":2,"name":"Treno della nostalgia S\u00fcdbahn Express"}]},{"@type":"WebSite","@id":"https:\/\/ebfl.at\/#website","url":"https:\/\/ebfl.at\/","name":"EBFL Eisenbahnfreunde Lienz","description":"Verein der Eisenbahnfreunde in Lienz","publisher":{"@id":"https:\/\/ebfl.at\/#organization"},"potentialAction":[{"@type":"SearchAction","target":{"@type":"EntryPoint","urlTemplate":"https:\/\/ebfl.at\/?s={search_term_string}"},"query-input":{"@type":"PropertyValueSpecification","valueRequired":true,"valueName":"search_term_string"}}],"inLanguage":"de"},{"@type":"Organization","@id":"https:\/\/ebfl.at\/#organization","name":"EBFL - Eisenbahnfreunde Lienz","url":"https:\/\/ebfl.at\/","logo":{"@type":"ImageObject","inLanguage":"de","@id":"https:\/\/ebfl.at\/#\/schema\/logo\/image\/","url":"https:\/\/ebfl.at\/wp-content\/uploads\/2019\/01\/Eisenbahnfreunde-Lienz.jpg","contentUrl":"https:\/\/ebfl.at\/wp-content\/uploads\/2019\/01\/Eisenbahnfreunde-Lienz.jpg","width":1087,"height":480,"caption":"EBFL - Eisenbahnfreunde Lienz"},"image":{"@id":"https:\/\/ebfl.at\/#\/schema\/logo\/image\/"},"sameAs":["https:\/\/www.facebook.com\/pages\/category\/History-Museum\/EBFLat-301838060596265\/"]}]}},"_links":{"self":[{"href":"https:\/\/ebfl.at\/index.php\/wp-json\/wp\/v2\/pages\/4515","targetHints":{"allow":["GET"]}}],"collection":[{"href":"https:\/\/ebfl.at\/index.php\/wp-json\/wp\/v2\/pages"}],"about":[{"href":"https:\/\/ebfl.at\/index.php\/wp-json\/wp\/v2\/types\/page"}],"author":[{"embeddable":true,"href":"https:\/\/ebfl.at\/index.php\/wp-json\/wp\/v2\/users\/2"}],"replies":[{"embeddable":true,"href":"https:\/\/ebfl.at\/index.php\/wp-json\/wp\/v2\/comments?post=4515"}],"version-history":[{"count":3,"href":"https:\/\/ebfl.at\/index.php\/wp-json\/wp\/v2\/pages\/4515\/revisions"}],"predecessor-version":[{"id":4519,"href":"https:\/\/ebfl.at\/index.php\/wp-json\/wp\/v2\/pages\/4515\/revisions\/4519"}],"wp:attachment":[{"href":"https:\/\/ebfl.at\/index.php\/wp-json\/wp\/v2\/media?parent=4515"}],"curies":[{"name":"wp","href":"https:\/\/api.w.org\/{rel}","templated":true}]}}