{"id":4658,"date":"2025-01-27T19:56:13","date_gmt":"2025-01-27T18:56:13","guid":{"rendered":"https:\/\/ebfl.at\/?page_id=4658"},"modified":"2025-04-25T07:14:28","modified_gmt":"2025-04-25T05:14:28","slug":"leoben","status":"publish","type":"page","link":"https:\/\/ebfl.at\/index.php\/leoben\/","title":{"rendered":"LEOBEN"},"content":{"rendered":"\n<p class=\"has-vivid-red-color has-text-color has-link-color wp-elements-30ba982436f9854fd72b55d9259cc5c7\"><strong>17.5.2025  Tagesfahrt<\/strong><\/p>\n\n\n\n\n\n<p><strong>Entdeckungstour nach Leoben<\/strong><br>Ein faszinierender Ausflug in die zweitgr\u00f6\u00dfte Stadt der Steiermark. Diese Reise verbindet nostalgischen Eisenbahncharme mit kulturellen H\u00f6hepunkten und kulinarischen Gen\u00fcssen.<\/p>\n\n\n\n<p>Erleben Sie einen spannenden Tag in der charmanten Stadt Leoben, dem Zentrum des obersteirischen Industrieraums und Sitz der renommierten Montanuniversit\u00e4t.<a href=\"https:\/\/de.wikipedia.org\/wiki\/Leoben\" target=\"_blank\" rel=\"noreferrer noopener\"><\/a><\/p>\n\n\n\n<p>Ihre Reise beginnt ab Lienz mit dem historischen Nostalgiezug S\u00fcdbahn Express. Genie\u00dfen Sie eine malerische Panoramafahrt \u00fcber Spittal\/Millst\u00e4ttersee, Villach, Klagenfurt, St. Veit\/Glan und Knittelfeld bis nach Leoben. Zustiegsm\u00f6glichkeiten an den unten angef\u00fchrten Bahnh\u00f6fen (siehe Abfahrtszeiten).<a href=\"https:\/\/ebfl.at\/index.php\/nostalgiezug-suedbahn-express\/\" target=\"_blank\" rel=\"noreferrer noopener\"><\/a><\/p>\n\n\n\n<p>Nach der Ankunft in Leoben werden Sie per Bus nach G\u00f6ss gebracht, wo Sie im traditionsreichen G\u00f6sserbr\u00e4u ein gem\u00fctliches Mittagsbuffet erwartet. Hier k\u00f6nnen Sie die herzliche steirische Gastfreundschaft genie\u00dfen und sich mit regionalen Spezialit\u00e4ten f\u00fcr die bevorstehenden Erkundungen st\u00e4rken.<br><br><\/p>\n\n\n\n<p class=\"has-vivid-red-color has-text-color has-link-color wp-elements-68c379a1db7b4cc3b3f94aa47b8c07a8\"><strong>Einige Anregungen f\u00fcr Ihre freie Nachmittagsgestaltung!<\/strong><\/p>\n\n\n\n<p><strong><u>Hauptplatz Leoben<\/u><\/strong><\/p>\n\n\n\n<p>Der Hauptplatz bildet seit dem 13. Jahrhundert das Herz der Stadt und l\u00e4dt zum Bummeln und Verweilen ein. Lassen Sie sich von der Atmosph\u00e4re dieses historischen Platzes verzaubern, der zu den sch\u00f6nsten in \u00d6sterreich z\u00e4hlt. Diese Entdeckungstour bietet Ihnen einen faszinierenden Einblick in die Geschichte, Kultur und Tradition Leobens.<\/p>\n\n\n\n<ul class=\"wp-block-list\">\n<li>Die Dreifaltigkeitss\u00e4ule (Pests\u00e4ule) aus dem Jahr 1717<\/li>\n\n\n\n<li>Den Engelsbrunnen (1794) mit seiner klassizistischen Engelsskulptur<\/li>\n\n\n\n<li>Den Bergmannsbrunnen (1799), Schauplatz des traditionellen &#8222;Kusses der Statue&#8220; bei der Philistrierung neuer Montanisten<\/li>\n<\/ul>\n\n\n\n<p><strong><u>Schwammerlturm<\/u><\/strong><br>Besuchen Sie das Wahrzeichen Leobens, den Schwammerlturm. Dieses letzte erhaltene Stadttor des mittelalterlichen Leoben erhielt nach einem Erdbeben sein charakteristisches pilzf\u00f6rmiges Dach und genie\u00dfen Sie vom h\u00f6chstgelegenen Caf\u00e9 Leobens aus einen atemberaubenden Blick \u00fcber die Stadt.<\/p>\n\n\n\n<p><strong><u>Stiftskirche G\u00f6ss<\/u><\/strong><br>Dieses beeindruckende Baudenkmal im Stadtteil G\u00f6ss zeugt von der reichen religi\u00f6sen Geschichte der Region.<\/p>\n\n\n\n<p><strong>Die Heimreise ist f\u00fcr 16:00 Uhr<\/strong> geplant, sodass Sie den Tag entspannt ausklingen lassen k\u00f6nnen. Freuen Sie sich auf einen abwechslungsreichen Ausflug voller Genuss und Kultur!<\/p>\n\n\n\n<p><strong>Preise:<\/strong><\/p>\n\n\n\n<ol class=\"wp-block-list\">\n<li class=\"has-vivid-red-color has-text-color has-link-color wp-elements-fa39470e3a0539d370afe6f08fb4e1a6\"><strong>Klasse ausgebucht<\/strong><\/li>\n<\/ol>\n\n\n\n<figure class=\"wp-block-table\"><table class=\"has-fixed-layout\"><tbody><tr><td><strong>Bahnhof<\/strong><\/td><td><strong>1. Klasse<\/strong><\/td><td><strong>2. Klasse<\/strong><\/td><\/tr><tr><td>Lienz<\/td><td>\u20ac 135,00<\/td><td>\u20ac 110,00<\/td><\/tr><tr><td>Oberdrauburg<\/td><td>\u20ac 133,00<\/td><td>\u20ac 108,00<\/td><\/tr><tr><td>Dellach\/Drau<\/td><td>\u20ac 131,00<\/td><td>\u20ac 106,00<\/td><\/tr><tr><td>Greifenburg\/Weissensee<\/td><td>\u20ac 129,00<\/td><td>\u20ac 104,00<\/td><\/tr><tr><td>Steinfeld<\/td><td>\u20ac 127,00<\/td><td>\u20ac 102,00<\/td><\/tr><tr><td>M\u00f6llbr\u00fccke<\/td><td>\u20ac 125,00<\/td><td>\u20ac 100,00<\/td><\/tr><tr><td>Spittal\/Millst\u00e4ttersee<\/td><td>\u20ac 122,00<\/td><td>\u20ac  97,00<\/td><\/tr><tr><td>Rothenthurn<\/td><td>\u20ac 120,00<\/td><td>\u20ac  95,00<\/td><\/tr><tr><td>Villach Hbf<\/td><td>\u20ac 118,00<\/td><td>\u20ac  93,00<\/td><\/tr><tr><td>Klagenfurt Hbf<\/td><td>\u20ac 116,00<\/td><td>\u20ac  91,00<\/td><\/tr><tr><td>St. Veit\/Glan<\/td><td>\u20ac 112,00<\/td><td>\u20ac 87,00<\/td><\/tr><\/tbody><\/table><\/figure>\n\n\n\n<p><a>Kinder bis 5 Jahre frei (ohne Anspruch auf Sitzplatz).<br>Kinder von 6 \u2013 12 Jahren 50 % Erm\u00e4\u00dfigung auf die angef\u00fchrten Preise.<\/a><\/p>\n\n\n\n<p><\/p>\n\n\n\n<p><strong>Fr\u00fchst\u00fccksm\u00f6glichkeiten im S\u00fcdbahn Express<\/strong><\/p>\n\n\n\n<p><strong>S\u00fcdbahn Express-Fr\u00fchst\u00fcck<\/strong><br>Semmel\/Brot, Wurst, K\u00e4se, Marmelade oder Leberaufstrich,<br>Kaffee oder Tee, Orangensaft &nbsp;&nbsp;&nbsp;&nbsp;&nbsp;&nbsp;&nbsp;&nbsp;&nbsp;&nbsp;&nbsp;&nbsp;&nbsp;&nbsp;&nbsp;&nbsp;&nbsp;&nbsp;&nbsp;&nbsp;&nbsp;&nbsp;&nbsp;&nbsp;&nbsp;&nbsp;&nbsp;&nbsp;&nbsp;&nbsp;&nbsp;&nbsp;&nbsp;&nbsp;&nbsp;&nbsp;&nbsp;&nbsp;&nbsp;&nbsp;&nbsp;&nbsp;&nbsp;&nbsp;&nbsp;&nbsp;&nbsp;&nbsp;&nbsp; <strong>\u20ac 8,10<\/strong><br>Bitte bei der Buchung mitbestellen, damit wir entsprechend vorbereiten k\u00f6nnen.<\/p>\n\n\n\n<p><br><strong>S\u00fcdbahn Express-Lachsfr\u00fchst\u00fcck<\/strong><br>2 Semmeln, Lachs, Butter, Ei, Gem\u00fcsegarnitur, 1 Glas Prosecco,<br>Kaffee oder Tee, Orangensaft &nbsp;&nbsp;&nbsp;&nbsp;&nbsp;&nbsp;&nbsp;&nbsp;&nbsp;&nbsp;&nbsp;&nbsp;&nbsp;&nbsp;&nbsp;&nbsp;&nbsp;&nbsp;&nbsp;&nbsp;&nbsp;&nbsp;&nbsp;&nbsp;&nbsp;&nbsp;&nbsp;&nbsp;&nbsp;&nbsp;&nbsp;&nbsp;&nbsp;&nbsp;&nbsp;&nbsp;&nbsp;&nbsp;&nbsp;&nbsp;&nbsp;&nbsp;&nbsp;&nbsp;&nbsp;&nbsp;&nbsp;&nbsp;&nbsp;&nbsp;&nbsp; <strong>\u20ac 13,90<\/strong><br>Bitte bei der Buchung mitbestellen, damit wir entsprechend vorbereiten k\u00f6nnen.<\/p>\n\n\n\n<p>In unserem Speisewaggon und in der 1. Klasse (Service am Platz) bieten wir Ihnen auch kleine warme und kalte Speisen sowie Getr\u00e4nke an. Unser K\u00fcchenteam freut sich \u00fcber Ihren Besuch.<br>In der 2. Klasse werden Sie auch von unserem mobilen Bortservice betreut.<\/p>\n\n\n\n<p><strong>Fahrplan<\/strong> (\u00c4nderungen vorbehalten)<\/p>\n\n\n\n<figure class=\"wp-block-table\"><table class=\"has-fixed-layout\"><tbody><tr><td>Bahnhof<\/td><td>Abfahrt<\/td><td>Ankunft<\/td><\/tr><tr><td>Lienz<\/td><td>06:16<\/td><td>20:54<\/td><\/tr><tr><td>Oberdrauburg<\/td><td>06:29<\/td><td>20:34<\/td><\/tr><tr><td>Dellach\/D.<\/td><td>06:37<\/td><td>20:27<\/td><\/tr><tr><td>Greifenburg<\/td><td>06:45<\/td><td>20:16<\/td><\/tr><tr><td>Steinfeld<\/td><td>06:51<\/td><td>20:11<\/td><\/tr><tr><td>M\u00f6llbr\u00fccke<\/td><td>07:05<\/td><td>19:55<\/td><\/tr><tr><td>Spittal\/M.<\/td><td>07:16<\/td><td>19:49<\/td><\/tr><tr><td>Rothenthurn<\/td><td>07:23<\/td><td>19:42<\/td><\/tr><tr><td>Villach<\/td><td>07:46<\/td><td>19:22<\/td><\/tr><tr><td>Klagenfurt<\/td><td>08:18<\/td><td>18:48<\/td><\/tr><tr><td>St. Veit\/Glan<\/td><td>08:37<\/td><td>18:33<\/td><\/tr><tr><td>Leoben<\/td><td>an 10:35<\/td><td>ab 16:07<\/td><\/tr><\/tbody><\/table><\/figure>\n\n\n\n<p><strong>Inkludierte Leistungen:<\/strong><\/p>\n\n\n\n<p>Fahrt mit dem Nostalgiezug S\u00fcdbahn Express hin und retour<br>Bustransfer in Leoben nach G\u00f6ss und retour<br>Mittagsbuffet im G\u00f6sser Br\u00e4u in G\u00f6ss (ohne Getr\u00e4nke)<br><\/p>\n\n\n\n<p><a>Es gelten die allgemeinen Teilnahmebedingungen:<br><\/a><a href=\"https:\/\/ebfl.at\/index.php\/suedbahn-express\/teilnahmebedingungen\/\">https:\/\/ebfl.at\/index.php\/suedbahn-express\/teilnahmebedingungen\/<\/a><\/p>\n\n\n\n<p><\/p>\n\n\n\n<product-catalog-widget widget-id=\"70e4b02c-5967-4f83-98b3-504c651ced91\"><\/product-catalog-widget><script type=\"text\/javascript\" src=\"https:\/\/widgets.regiondo.net\/catalog\/v1\/catalog-widget.min.js\"><\/script>\n","protected":false},"excerpt":{"rendered":"<p>17.5.2025 Tagesfahrt Entdeckungstour nach LeobenEin faszinierender Ausflug in die zweitgr\u00f6\u00dfte Stadt der Steiermark. Diese Reise verbindet nostalgischen Eisenbahncharme mit kulturellen H\u00f6hepunkten und kulinarischen Gen\u00fcssen. Erleben Sie einen spannenden Tag in der charmanten Stadt Leoben, dem Zentrum des obersteirischen Industrieraums und Sitz der renommierten Montanuniversit\u00e4t. Ihre Reise beginnt ab Lienz mit dem historischen Nostalgiezug S\u00fcdbahn Express. [&hellip;]<\/p>\n","protected":false},"author":2,"featured_media":0,"parent":0,"menu_order":0,"comment_status":"closed","ping_status":"closed","template":"","meta":{"footnotes":""},"class_list":["post-4658","page","type-page","status-publish","hentry"],"yoast_head":"<!-- This site is optimized with the Yoast SEO plugin v27.5 - https:\/\/yoast.com\/product\/yoast-seo-wordpress\/ -->\n<title>LEOBEN - EBFL<\/title>\n<meta name=\"robots\" content=\"index, follow, max-snippet:-1, max-image-preview:large, max-video-preview:-1\" \/>\n<link rel=\"canonical\" href=\"https:\/\/ebfl.at\/index.php\/leoben\/\" \/>\n<meta property=\"og:locale\" content=\"de_DE\" \/>\n<meta property=\"og:type\" content=\"article\" \/>\n<meta property=\"og:title\" content=\"LEOBEN - EBFL\" \/>\n<meta property=\"og:description\" content=\"17.5.2025 Tagesfahrt Entdeckungstour nach LeobenEin faszinierender Ausflug in die zweitgr\u00f6\u00dfte Stadt der Steiermark. Diese Reise verbindet nostalgischen Eisenbahncharme mit kulturellen H\u00f6hepunkten und kulinarischen Gen\u00fcssen. Erleben Sie einen spannenden Tag in der charmanten Stadt Leoben, dem Zentrum des obersteirischen Industrieraums und Sitz der renommierten Montanuniversit\u00e4t. Ihre Reise beginnt ab Lienz mit dem historischen Nostalgiezug S\u00fcdbahn Express. [&hellip;]\" \/>\n<meta property=\"og:url\" content=\"https:\/\/ebfl.at\/index.php\/leoben\/\" \/>\n<meta property=\"og:site_name\" content=\"EBFL\" \/>\n<meta property=\"article:publisher\" content=\"https:\/\/www.facebook.com\/pages\/category\/History-Museum\/EBFLat-301838060596265\/\" \/>\n<meta property=\"article:modified_time\" content=\"2025-04-25T05:14:28+00:00\" \/>\n<meta name=\"twitter:card\" content=\"summary_large_image\" \/>\n<meta name=\"twitter:label1\" content=\"Gesch\u00e4tzte Lesezeit\" \/>\n\t<meta name=\"twitter:data1\" content=\"4\u00a0Minuten\" \/>\n<script type=\"application\/ld+json\" class=\"yoast-schema-graph\">{\"@context\":\"https:\\\/\\\/schema.org\",\"@graph\":[{\"@type\":\"WebPage\",\"@id\":\"https:\\\/\\\/ebfl.at\\\/index.php\\\/leoben\\\/\",\"url\":\"https:\\\/\\\/ebfl.at\\\/index.php\\\/leoben\\\/\",\"name\":\"LEOBEN - EBFL\",\"isPartOf\":{\"@id\":\"https:\\\/\\\/ebfl.at\\\/#website\"},\"datePublished\":\"2025-01-27T18:56:13+00:00\",\"dateModified\":\"2025-04-25T05:14:28+00:00\",\"breadcrumb\":{\"@id\":\"https:\\\/\\\/ebfl.at\\\/index.php\\\/leoben\\\/#breadcrumb\"},\"inLanguage\":\"de\",\"potentialAction\":[{\"@type\":\"ReadAction\",\"target\":[\"https:\\\/\\\/ebfl.at\\\/index.php\\\/leoben\\\/\"]}]},{\"@type\":\"BreadcrumbList\",\"@id\":\"https:\\\/\\\/ebfl.at\\\/index.php\\\/leoben\\\/#breadcrumb\",\"itemListElement\":[{\"@type\":\"ListItem\",\"position\":1,\"name\":\"Startseite\",\"item\":\"https:\\\/\\\/ebfl.at\\\/\"},{\"@type\":\"ListItem\",\"position\":2,\"name\":\"LEOBEN\"}]},{\"@type\":\"WebSite\",\"@id\":\"https:\\\/\\\/ebfl.at\\\/#website\",\"url\":\"https:\\\/\\\/ebfl.at\\\/\",\"name\":\"EBFL Eisenbahnfreunde Lienz\",\"description\":\"Verein der Eisenbahnfreunde in Lienz\",\"publisher\":{\"@id\":\"https:\\\/\\\/ebfl.at\\\/#organization\"},\"potentialAction\":[{\"@type\":\"SearchAction\",\"target\":{\"@type\":\"EntryPoint\",\"urlTemplate\":\"https:\\\/\\\/ebfl.at\\\/?s={search_term_string}\"},\"query-input\":{\"@type\":\"PropertyValueSpecification\",\"valueRequired\":true,\"valueName\":\"search_term_string\"}}],\"inLanguage\":\"de\"},{\"@type\":\"Organization\",\"@id\":\"https:\\\/\\\/ebfl.at\\\/#organization\",\"name\":\"EBFL - Eisenbahnfreunde Lienz\",\"url\":\"https:\\\/\\\/ebfl.at\\\/\",\"logo\":{\"@type\":\"ImageObject\",\"inLanguage\":\"de\",\"@id\":\"https:\\\/\\\/ebfl.at\\\/#\\\/schema\\\/logo\\\/image\\\/\",\"url\":\"https:\\\/\\\/ebfl.at\\\/wp-content\\\/uploads\\\/2019\\\/01\\\/Eisenbahnfreunde-Lienz.jpg\",\"contentUrl\":\"https:\\\/\\\/ebfl.at\\\/wp-content\\\/uploads\\\/2019\\\/01\\\/Eisenbahnfreunde-Lienz.jpg\",\"width\":1087,\"height\":480,\"caption\":\"EBFL - Eisenbahnfreunde Lienz\"},\"image\":{\"@id\":\"https:\\\/\\\/ebfl.at\\\/#\\\/schema\\\/logo\\\/image\\\/\"},\"sameAs\":[\"https:\\\/\\\/www.facebook.com\\\/pages\\\/category\\\/History-Museum\\\/EBFLat-301838060596265\\\/\"]}]}<\/script>\n<!-- \/ Yoast SEO plugin. -->","yoast_head_json":{"title":"LEOBEN - EBFL","robots":{"index":"index","follow":"follow","max-snippet":"max-snippet:-1","max-image-preview":"max-image-preview:large","max-video-preview":"max-video-preview:-1"},"canonical":"https:\/\/ebfl.at\/index.php\/leoben\/","og_locale":"de_DE","og_type":"article","og_title":"LEOBEN - EBFL","og_description":"17.5.2025 Tagesfahrt Entdeckungstour nach LeobenEin faszinierender Ausflug in die zweitgr\u00f6\u00dfte Stadt der Steiermark. Diese Reise verbindet nostalgischen Eisenbahncharme mit kulturellen H\u00f6hepunkten und kulinarischen Gen\u00fcssen. Erleben Sie einen spannenden Tag in der charmanten Stadt Leoben, dem Zentrum des obersteirischen Industrieraums und Sitz der renommierten Montanuniversit\u00e4t. Ihre Reise beginnt ab Lienz mit dem historischen Nostalgiezug S\u00fcdbahn Express. [&hellip;]","og_url":"https:\/\/ebfl.at\/index.php\/leoben\/","og_site_name":"EBFL","article_publisher":"https:\/\/www.facebook.com\/pages\/category\/History-Museum\/EBFLat-301838060596265\/","article_modified_time":"2025-04-25T05:14:28+00:00","twitter_card":"summary_large_image","twitter_misc":{"Gesch\u00e4tzte Lesezeit":"4\u00a0Minuten"},"schema":{"@context":"https:\/\/schema.org","@graph":[{"@type":"WebPage","@id":"https:\/\/ebfl.at\/index.php\/leoben\/","url":"https:\/\/ebfl.at\/index.php\/leoben\/","name":"LEOBEN - EBFL","isPartOf":{"@id":"https:\/\/ebfl.at\/#website"},"datePublished":"2025-01-27T18:56:13+00:00","dateModified":"2025-04-25T05:14:28+00:00","breadcrumb":{"@id":"https:\/\/ebfl.at\/index.php\/leoben\/#breadcrumb"},"inLanguage":"de","potentialAction":[{"@type":"ReadAction","target":["https:\/\/ebfl.at\/index.php\/leoben\/"]}]},{"@type":"BreadcrumbList","@id":"https:\/\/ebfl.at\/index.php\/leoben\/#breadcrumb","itemListElement":[{"@type":"ListItem","position":1,"name":"Startseite","item":"https:\/\/ebfl.at\/"},{"@type":"ListItem","position":2,"name":"LEOBEN"}]},{"@type":"WebSite","@id":"https:\/\/ebfl.at\/#website","url":"https:\/\/ebfl.at\/","name":"EBFL Eisenbahnfreunde Lienz","description":"Verein der Eisenbahnfreunde in Lienz","publisher":{"@id":"https:\/\/ebfl.at\/#organization"},"potentialAction":[{"@type":"SearchAction","target":{"@type":"EntryPoint","urlTemplate":"https:\/\/ebfl.at\/?s={search_term_string}"},"query-input":{"@type":"PropertyValueSpecification","valueRequired":true,"valueName":"search_term_string"}}],"inLanguage":"de"},{"@type":"Organization","@id":"https:\/\/ebfl.at\/#organization","name":"EBFL - Eisenbahnfreunde Lienz","url":"https:\/\/ebfl.at\/","logo":{"@type":"ImageObject","inLanguage":"de","@id":"https:\/\/ebfl.at\/#\/schema\/logo\/image\/","url":"https:\/\/ebfl.at\/wp-content\/uploads\/2019\/01\/Eisenbahnfreunde-Lienz.jpg","contentUrl":"https:\/\/ebfl.at\/wp-content\/uploads\/2019\/01\/Eisenbahnfreunde-Lienz.jpg","width":1087,"height":480,"caption":"EBFL - Eisenbahnfreunde Lienz"},"image":{"@id":"https:\/\/ebfl.at\/#\/schema\/logo\/image\/"},"sameAs":["https:\/\/www.facebook.com\/pages\/category\/History-Museum\/EBFLat-301838060596265\/"]}]}},"_links":{"self":[{"href":"https:\/\/ebfl.at\/index.php\/wp-json\/wp\/v2\/pages\/4658","targetHints":{"allow":["GET"]}}],"collection":[{"href":"https:\/\/ebfl.at\/index.php\/wp-json\/wp\/v2\/pages"}],"about":[{"href":"https:\/\/ebfl.at\/index.php\/wp-json\/wp\/v2\/types\/page"}],"author":[{"embeddable":true,"href":"https:\/\/ebfl.at\/index.php\/wp-json\/wp\/v2\/users\/2"}],"replies":[{"embeddable":true,"href":"https:\/\/ebfl.at\/index.php\/wp-json\/wp\/v2\/comments?post=4658"}],"version-history":[{"count":11,"href":"https:\/\/ebfl.at\/index.php\/wp-json\/wp\/v2\/pages\/4658\/revisions"}],"predecessor-version":[{"id":4709,"href":"https:\/\/ebfl.at\/index.php\/wp-json\/wp\/v2\/pages\/4658\/revisions\/4709"}],"wp:attachment":[{"href":"https:\/\/ebfl.at\/index.php\/wp-json\/wp\/v2\/media?parent=4658"}],"curies":[{"name":"wp","href":"https:\/\/api.w.org\/{rel}","templated":true}]}}