{"id":4743,"date":"2025-06-10T03:03:31","date_gmt":"2025-06-10T01:03:31","guid":{"rendered":"https:\/\/ebfl.at\/?page_id=4743"},"modified":"2025-06-10T03:04:38","modified_gmt":"2025-06-10T01:04:38","slug":"sonderausstellung-2025","status":"publish","type":"page","link":"https:\/\/ebfl.at\/index.php\/sonderausstellung-2025\/","title":{"rendered":"Sonderausstellung 2025"},"content":{"rendered":"\n<p class=\"has-white-color has-vivid-red-background-color has-text-color has-background has-link-color has-medium-font-size wp-elements-a9bd418f9bffaa35aaa439c881624323\">&#8222;<strong><strong>Lok trifft Mikrowachs: Ikonen ihrer Zunft im zweiten Leben<\/strong><\/strong>&#8222;<\/p>\n\n\n\n<p>Projekt OPTI-RAIL<strong><br><\/strong>Historisches Kulturerbe im Dolomiti Live Gebiet<br>ITAT4902-MP-006<\/p>\n\n\n\n<figure class=\"wp-block-gallery has-nested-images columns-default is-cropped wp-block-gallery-1 is-layout-flex wp-block-gallery-is-layout-flex\">\n<figure class=\"wp-block-image size-large\"><img loading=\"lazy\" decoding=\"async\" width=\"1024\" height=\"768\" data-id=\"4179\" src=\"https:\/\/ebfl.at\/wp-content\/uploads\/2024\/04\/12_5_23-Sonja-Notdurfter_2-1-1024x768.jpg\" alt=\"\" class=\"wp-image-4179\" srcset=\"https:\/\/ebfl.at\/wp-content\/uploads\/2024\/04\/12_5_23-Sonja-Notdurfter_2-1-1024x768.jpg 1024w, https:\/\/ebfl.at\/wp-content\/uploads\/2024\/04\/12_5_23-Sonja-Notdurfter_2-1-300x225.jpg 300w, https:\/\/ebfl.at\/wp-content\/uploads\/2024\/04\/12_5_23-Sonja-Notdurfter_2-1-768x576.jpg 768w, https:\/\/ebfl.at\/wp-content\/uploads\/2024\/04\/12_5_23-Sonja-Notdurfter_2-1.jpg 1500w\" sizes=\"auto, (max-width: 1024px) 100vw, 1024px\" \/><figcaption class=\"wp-element-caption\">Mai 2023<\/figcaption><\/figure>\n\n\n\n<figure class=\"wp-block-image size-large\"><img loading=\"lazy\" decoding=\"async\" width=\"768\" height=\"1024\" data-id=\"4181\" src=\"https:\/\/ebfl.at\/wp-content\/uploads\/2024\/04\/IMG_7698-768x1024.jpg\" alt=\"\" class=\"wp-image-4181\" srcset=\"https:\/\/ebfl.at\/wp-content\/uploads\/2024\/04\/IMG_7698-768x1024.jpg 768w, https:\/\/ebfl.at\/wp-content\/uploads\/2024\/04\/IMG_7698-225x300.jpg 225w, https:\/\/ebfl.at\/wp-content\/uploads\/2024\/04\/IMG_7698-1152x1536.jpg 1152w, https:\/\/ebfl.at\/wp-content\/uploads\/2024\/04\/IMG_7698-rotated.jpg 1536w\" sizes=\"auto, (max-width: 768px) 100vw, 768px\" \/><figcaption class=\"wp-element-caption\">Mai 2024<\/figcaption><\/figure>\n\n\n\n<figure class=\"wp-block-image size-large\"><img loading=\"lazy\" decoding=\"async\" width=\"1024\" height=\"575\" data-id=\"4744\" src=\"https:\/\/ebfl.at\/wp-content\/uploads\/2025\/06\/15_3_24-Gerfried-Moll_2-1024x575.jpg\" alt=\"\" class=\"wp-image-4744\" srcset=\"https:\/\/ebfl.at\/wp-content\/uploads\/2025\/06\/15_3_24-Gerfried-Moll_2-1024x575.jpg 1024w, https:\/\/ebfl.at\/wp-content\/uploads\/2025\/06\/15_3_24-Gerfried-Moll_2-300x169.jpg 300w, https:\/\/ebfl.at\/wp-content\/uploads\/2025\/06\/15_3_24-Gerfried-Moll_2-768x432.jpg 768w, https:\/\/ebfl.at\/wp-content\/uploads\/2025\/06\/15_3_24-Gerfried-Moll_2.jpg 1500w\" sizes=\"auto, (max-width: 1024px) 100vw, 1024px\" \/><figcaption class=\"wp-element-caption\">Feber 2024<\/figcaption><\/figure>\n\n\n\n<figure class=\"wp-block-image size-large\"><img loading=\"lazy\" decoding=\"async\" width=\"768\" height=\"1024\" data-id=\"4183\" src=\"https:\/\/ebfl.at\/wp-content\/uploads\/2024\/04\/ST4-5-6-768x1024.jpg\" alt=\"\" class=\"wp-image-4183\" srcset=\"https:\/\/ebfl.at\/wp-content\/uploads\/2024\/04\/ST4-5-6-768x1024.jpg 768w, https:\/\/ebfl.at\/wp-content\/uploads\/2024\/04\/ST4-5-6-225x300.jpg 225w, https:\/\/ebfl.at\/wp-content\/uploads\/2024\/04\/ST4-5-6-1152x1536.jpg 1152w, https:\/\/ebfl.at\/wp-content\/uploads\/2024\/04\/ST4-5-6-rotated.jpg 1536w\" sizes=\"auto, (max-width: 768px) 100vw, 768px\" \/><figcaption class=\"wp-element-caption\">Mai 2024<\/figcaption><\/figure>\n\n\n\n<figure class=\"wp-block-image size-large\"><img loading=\"lazy\" decoding=\"async\" width=\"1024\" height=\"768\" data-id=\"4745\" src=\"https:\/\/ebfl.at\/wp-content\/uploads\/2025\/06\/Bremssohlenhalterungen_klein-1024x768.jpg\" alt=\"\" class=\"wp-image-4745\" srcset=\"https:\/\/ebfl.at\/wp-content\/uploads\/2025\/06\/Bremssohlenhalterungen_klein-1024x768.jpg 1024w, https:\/\/ebfl.at\/wp-content\/uploads\/2025\/06\/Bremssohlenhalterungen_klein-300x225.jpg 300w, https:\/\/ebfl.at\/wp-content\/uploads\/2025\/06\/Bremssohlenhalterungen_klein-768x576.jpg 768w, https:\/\/ebfl.at\/wp-content\/uploads\/2025\/06\/Bremssohlenhalterungen_klein.jpg 1200w\" sizes=\"auto, (max-width: 1024px) 100vw, 1024px\" \/><figcaption class=\"wp-element-caption\">Bremssohlenhalterungen 2024<\/figcaption><\/figure>\n\n\n\n<figure class=\"wp-block-image size-large\"><img loading=\"lazy\" decoding=\"async\" width=\"768\" height=\"1024\" data-id=\"4747\" src=\"https:\/\/ebfl.at\/wp-content\/uploads\/2025\/06\/Lokfuehrerbrille_klein-768x1024.jpg\" alt=\"\" class=\"wp-image-4747\" srcset=\"https:\/\/ebfl.at\/wp-content\/uploads\/2025\/06\/Lokfuehrerbrille_klein-768x1024.jpg 768w, https:\/\/ebfl.at\/wp-content\/uploads\/2025\/06\/Lokfuehrerbrille_klein-225x300.jpg 225w, https:\/\/ebfl.at\/wp-content\/uploads\/2025\/06\/Lokfuehrerbrille_klein-1152x1536.jpg 1152w, https:\/\/ebfl.at\/wp-content\/uploads\/2025\/06\/Lokfuehrerbrille_klein.jpg 1200w\" sizes=\"auto, (max-width: 768px) 100vw, 768px\" \/><figcaption class=\"wp-element-caption\">Dampflokf\u00fchrerbrille 1960<\/figcaption><\/figure>\n\n\n\n<figure class=\"wp-block-image size-large\"><img loading=\"lazy\" decoding=\"async\" width=\"1024\" height=\"768\" data-id=\"4746\" src=\"https:\/\/ebfl.at\/wp-content\/uploads\/2025\/06\/Achsen_klein-1024x768.jpg\" alt=\"\" class=\"wp-image-4746\" srcset=\"https:\/\/ebfl.at\/wp-content\/uploads\/2025\/06\/Achsen_klein-1024x768.jpg 1024w, https:\/\/ebfl.at\/wp-content\/uploads\/2025\/06\/Achsen_klein-300x225.jpg 300w, https:\/\/ebfl.at\/wp-content\/uploads\/2025\/06\/Achsen_klein-768x576.jpg 768w, https:\/\/ebfl.at\/wp-content\/uploads\/2025\/06\/Achsen_klein.jpg 1200w\" sizes=\"auto, (max-width: 1024px) 100vw, 1024px\" \/><figcaption class=\"wp-element-caption\">Achse restauriert 2025<\/figcaption><\/figure>\n<\/figure>\n\n\n\n<p><\/p>\n\n\n\n<p>Die Diesellokomotiven der \u00d6BB-Reihe 2043 z\u00e4hlen zu den bedeutendsten Maschinen der ehemaligen Zugf\u00f6rderungsstelle Lienz. \u00dcber zwei Jahrzehnte hinweg bew\u00e4ltigten sie den gesamten Personen-, Schnell- und G\u00fcterverkehr. Dabei spielte die Zugf\u00f6rderungsstelle Lienz in der Erprobung und Wartung eine wichtige Rolle.<\/p>\n\n\n\n<p>Die Eisenbahnfreunde in Lienz erkannten den historischen Wert dieser Baureihe f\u00fcr Lienz und erwarben im Jahr 2014 die Lokomotive 2043.49; sie sicherten sich damit auch ein bedeutsames Objekt in der regionalen Transportgeschichte.<\/p>\n\n\n\n<p>Das im Januar 2024 gestartete Interreg-Projekt <strong>OPTI-RAIL <\/strong>verbindet den Verein der Eisenbahnfreunde in Lienz mit seinem italienischen Projektpartner Certottica. Ziel dieser Zusammenarbeit ist auf \u00f6sterreichischer Seite die Restaurierung der Diesellokomotive 2043.49 &nbsp;und auf italienischer die Restaurierung musealer Brillenfassungen. Dar\u00fcber hinaus gilt es, kulturelles Erbe zu bewahren, Erkenntnisse zu teilen und die Resultate einem breiten Publikum zug\u00e4nglich zu machen.<\/p>\n\n\n\n<p><strong>Was erwartet Sie in der Sonderausstellung?<\/strong><\/p>\n\n\n\n<p>Einblicke in die wissenschaftlichen Untersuchungen und Restaurierungsarbeiten an den Brillen.<\/p>\n\n\n\n<p>Einblicke in die Restaurierungsarbeiten an der 2043.49 und Informationen zur k\u00fcnftigen Nutzung der Lokomotive.<\/p>\n\n\n\n<p>Die M\u00f6glichkeit, mit Projektbeteiligten ins Gespr\u00e4ch zu kommen und mehr \u00fcber die Bedeutung dieser Kulturg\u00fcter zu erfahren.<\/p>\n\n\n\n<p class=\"has-white-color has-vivid-red-background-color has-text-color has-background has-link-color wp-elements-fa056f4f3ea6965feafbb90091c38346\"><strong>Termin: Samstag, 28. Juni ab 10:30 h&nbsp;<br>Ort der Ausstellungser\u00f6ffnung: Eisenbahnmuseum S\u00fcdbahnheizhaus in Lienz<\/strong><\/p>\n\n\n\n<figure class=\"wp-block-image size-full\"><img loading=\"lazy\" decoding=\"async\" width=\"535\" height=\"88\" src=\"https:\/\/ebfl.at\/wp-content\/uploads\/2025\/06\/grafik.png\" alt=\"\" class=\"wp-image-4748\" srcset=\"https:\/\/ebfl.at\/wp-content\/uploads\/2025\/06\/grafik.png 535w, https:\/\/ebfl.at\/wp-content\/uploads\/2025\/06\/grafik-300x49.png 300w\" sizes=\"auto, (max-width: 535px) 100vw, 535px\" \/><\/figure>\n\n\n\n<figure class=\"wp-block-image size-full\"><img loading=\"lazy\" decoding=\"async\" width=\"774\" height=\"82\" src=\"https:\/\/ebfl.at\/wp-content\/uploads\/2025\/06\/grafik-1.png\" alt=\"\" class=\"wp-image-4749\" srcset=\"https:\/\/ebfl.at\/wp-content\/uploads\/2025\/06\/grafik-1.png 774w, https:\/\/ebfl.at\/wp-content\/uploads\/2025\/06\/grafik-1-300x32.png 300w, https:\/\/ebfl.at\/wp-content\/uploads\/2025\/06\/grafik-1-768x81.png 768w\" sizes=\"auto, (max-width: 774px) 100vw, 774px\" \/><\/figure>\n","protected":false},"excerpt":{"rendered":"<p>&#8222;Lok trifft Mikrowachs: Ikonen ihrer Zunft im zweiten Leben&#8222; Projekt OPTI-RAILHistorisches Kulturerbe im Dolomiti Live GebietITAT4902-MP-006 Die Diesellokomotiven der \u00d6BB-Reihe 2043 z\u00e4hlen zu den bedeutendsten Maschinen der ehemaligen Zugf\u00f6rderungsstelle Lienz. \u00dcber zwei Jahrzehnte hinweg bew\u00e4ltigten sie den gesamten Personen-, Schnell- und G\u00fcterverkehr. Dabei spielte die Zugf\u00f6rderungsstelle Lienz in der Erprobung und Wartung eine wichtige Rolle. [&hellip;]<\/p>\n","protected":false},"author":2,"featured_media":0,"parent":0,"menu_order":0,"comment_status":"closed","ping_status":"closed","template":"","meta":{"footnotes":""},"class_list":["post-4743","page","type-page","status-publish","hentry"],"yoast_head":"<!-- This site is optimized with the Yoast SEO plugin v27.3 - https:\/\/yoast.com\/product\/yoast-seo-wordpress\/ -->\n<title>Sonderausstellung 2025 - EBFL<\/title>\n<meta name=\"robots\" content=\"index, follow, max-snippet:-1, max-image-preview:large, max-video-preview:-1\" \/>\n<link rel=\"canonical\" href=\"https:\/\/ebfl.at\/index.php\/sonderausstellung-2025\/\" \/>\n<meta property=\"og:locale\" content=\"de_DE\" \/>\n<meta property=\"og:type\" content=\"article\" \/>\n<meta property=\"og:title\" content=\"Sonderausstellung 2025 - EBFL\" \/>\n<meta property=\"og:description\" content=\"&#8222;Lok trifft Mikrowachs: Ikonen ihrer Zunft im zweiten Leben&#8222; Projekt OPTI-RAILHistorisches Kulturerbe im Dolomiti Live GebietITAT4902-MP-006 Die Diesellokomotiven der \u00d6BB-Reihe 2043 z\u00e4hlen zu den bedeutendsten Maschinen der ehemaligen Zugf\u00f6rderungsstelle Lienz. \u00dcber zwei Jahrzehnte hinweg bew\u00e4ltigten sie den gesamten Personen-, Schnell- und G\u00fcterverkehr. Dabei spielte die Zugf\u00f6rderungsstelle Lienz in der Erprobung und Wartung eine wichtige Rolle. [&hellip;]\" \/>\n<meta property=\"og:url\" content=\"https:\/\/ebfl.at\/index.php\/sonderausstellung-2025\/\" \/>\n<meta property=\"og:site_name\" content=\"EBFL\" \/>\n<meta property=\"article:publisher\" content=\"https:\/\/www.facebook.com\/pages\/category\/History-Museum\/EBFLat-301838060596265\/\" \/>\n<meta property=\"article:modified_time\" content=\"2025-06-10T01:04:38+00:00\" \/>\n<meta property=\"og:image\" content=\"https:\/\/ebfl.at\/wp-content\/uploads\/2024\/04\/12_5_23-Sonja-Notdurfter_2-1.jpg\" \/>\n\t<meta property=\"og:image:width\" content=\"1500\" \/>\n\t<meta property=\"og:image:height\" content=\"1125\" \/>\n\t<meta property=\"og:image:type\" content=\"image\/jpeg\" \/>\n<meta name=\"twitter:card\" content=\"summary_large_image\" \/>\n<meta name=\"twitter:label1\" content=\"Gesch\u00e4tzte Lesezeit\" \/>\n\t<meta name=\"twitter:data1\" content=\"4\u00a0Minuten\" \/>\n<script type=\"application\/ld+json\" class=\"yoast-schema-graph\">{\"@context\":\"https:\\\/\\\/schema.org\",\"@graph\":[{\"@type\":\"WebPage\",\"@id\":\"https:\\\/\\\/ebfl.at\\\/index.php\\\/sonderausstellung-2025\\\/\",\"url\":\"https:\\\/\\\/ebfl.at\\\/index.php\\\/sonderausstellung-2025\\\/\",\"name\":\"Sonderausstellung 2025 - EBFL\",\"isPartOf\":{\"@id\":\"https:\\\/\\\/ebfl.at\\\/#website\"},\"primaryImageOfPage\":{\"@id\":\"https:\\\/\\\/ebfl.at\\\/index.php\\\/sonderausstellung-2025\\\/#primaryimage\"},\"image\":{\"@id\":\"https:\\\/\\\/ebfl.at\\\/index.php\\\/sonderausstellung-2025\\\/#primaryimage\"},\"thumbnailUrl\":\"https:\\\/\\\/ebfl.at\\\/wp-content\\\/uploads\\\/2024\\\/04\\\/12_5_23-Sonja-Notdurfter_2-1-1024x768.jpg\",\"datePublished\":\"2025-06-10T01:03:31+00:00\",\"dateModified\":\"2025-06-10T01:04:38+00:00\",\"breadcrumb\":{\"@id\":\"https:\\\/\\\/ebfl.at\\\/index.php\\\/sonderausstellung-2025\\\/#breadcrumb\"},\"inLanguage\":\"de\",\"potentialAction\":[{\"@type\":\"ReadAction\",\"target\":[\"https:\\\/\\\/ebfl.at\\\/index.php\\\/sonderausstellung-2025\\\/\"]}]},{\"@type\":\"ImageObject\",\"inLanguage\":\"de\",\"@id\":\"https:\\\/\\\/ebfl.at\\\/index.php\\\/sonderausstellung-2025\\\/#primaryimage\",\"url\":\"https:\\\/\\\/ebfl.at\\\/wp-content\\\/uploads\\\/2024\\\/04\\\/12_5_23-Sonja-Notdurfter_2-1.jpg\",\"contentUrl\":\"https:\\\/\\\/ebfl.at\\\/wp-content\\\/uploads\\\/2024\\\/04\\\/12_5_23-Sonja-Notdurfter_2-1.jpg\",\"width\":1500,\"height\":1125,\"caption\":\"Mai 2023\"},{\"@type\":\"BreadcrumbList\",\"@id\":\"https:\\\/\\\/ebfl.at\\\/index.php\\\/sonderausstellung-2025\\\/#breadcrumb\",\"itemListElement\":[{\"@type\":\"ListItem\",\"position\":1,\"name\":\"Startseite\",\"item\":\"https:\\\/\\\/ebfl.at\\\/\"},{\"@type\":\"ListItem\",\"position\":2,\"name\":\"Sonderausstellung 2025\"}]},{\"@type\":\"WebSite\",\"@id\":\"https:\\\/\\\/ebfl.at\\\/#website\",\"url\":\"https:\\\/\\\/ebfl.at\\\/\",\"name\":\"EBFL Eisenbahnfreunde Lienz\",\"description\":\"Verein der Eisenbahnfreunde in Lienz\",\"publisher\":{\"@id\":\"https:\\\/\\\/ebfl.at\\\/#organization\"},\"potentialAction\":[{\"@type\":\"SearchAction\",\"target\":{\"@type\":\"EntryPoint\",\"urlTemplate\":\"https:\\\/\\\/ebfl.at\\\/?s={search_term_string}\"},\"query-input\":{\"@type\":\"PropertyValueSpecification\",\"valueRequired\":true,\"valueName\":\"search_term_string\"}}],\"inLanguage\":\"de\"},{\"@type\":\"Organization\",\"@id\":\"https:\\\/\\\/ebfl.at\\\/#organization\",\"name\":\"EBFL - Eisenbahnfreunde Lienz\",\"url\":\"https:\\\/\\\/ebfl.at\\\/\",\"logo\":{\"@type\":\"ImageObject\",\"inLanguage\":\"de\",\"@id\":\"https:\\\/\\\/ebfl.at\\\/#\\\/schema\\\/logo\\\/image\\\/\",\"url\":\"https:\\\/\\\/ebfl.at\\\/wp-content\\\/uploads\\\/2019\\\/01\\\/Eisenbahnfreunde-Lienz.jpg\",\"contentUrl\":\"https:\\\/\\\/ebfl.at\\\/wp-content\\\/uploads\\\/2019\\\/01\\\/Eisenbahnfreunde-Lienz.jpg\",\"width\":1087,\"height\":480,\"caption\":\"EBFL - Eisenbahnfreunde Lienz\"},\"image\":{\"@id\":\"https:\\\/\\\/ebfl.at\\\/#\\\/schema\\\/logo\\\/image\\\/\"},\"sameAs\":[\"https:\\\/\\\/www.facebook.com\\\/pages\\\/category\\\/History-Museum\\\/EBFLat-301838060596265\\\/\"]}]}<\/script>\n<!-- \/ Yoast SEO plugin. -->","yoast_head_json":{"title":"Sonderausstellung 2025 - EBFL","robots":{"index":"index","follow":"follow","max-snippet":"max-snippet:-1","max-image-preview":"max-image-preview:large","max-video-preview":"max-video-preview:-1"},"canonical":"https:\/\/ebfl.at\/index.php\/sonderausstellung-2025\/","og_locale":"de_DE","og_type":"article","og_title":"Sonderausstellung 2025 - EBFL","og_description":"&#8222;Lok trifft Mikrowachs: Ikonen ihrer Zunft im zweiten Leben&#8222; Projekt OPTI-RAILHistorisches Kulturerbe im Dolomiti Live GebietITAT4902-MP-006 Die Diesellokomotiven der \u00d6BB-Reihe 2043 z\u00e4hlen zu den bedeutendsten Maschinen der ehemaligen Zugf\u00f6rderungsstelle Lienz. \u00dcber zwei Jahrzehnte hinweg bew\u00e4ltigten sie den gesamten Personen-, Schnell- und G\u00fcterverkehr. Dabei spielte die Zugf\u00f6rderungsstelle Lienz in der Erprobung und Wartung eine wichtige Rolle. [&hellip;]","og_url":"https:\/\/ebfl.at\/index.php\/sonderausstellung-2025\/","og_site_name":"EBFL","article_publisher":"https:\/\/www.facebook.com\/pages\/category\/History-Museum\/EBFLat-301838060596265\/","article_modified_time":"2025-06-10T01:04:38+00:00","og_image":[{"width":1500,"height":1125,"url":"https:\/\/ebfl.at\/wp-content\/uploads\/2024\/04\/12_5_23-Sonja-Notdurfter_2-1.jpg","type":"image\/jpeg"}],"twitter_card":"summary_large_image","twitter_misc":{"Gesch\u00e4tzte Lesezeit":"4\u00a0Minuten"},"schema":{"@context":"https:\/\/schema.org","@graph":[{"@type":"WebPage","@id":"https:\/\/ebfl.at\/index.php\/sonderausstellung-2025\/","url":"https:\/\/ebfl.at\/index.php\/sonderausstellung-2025\/","name":"Sonderausstellung 2025 - EBFL","isPartOf":{"@id":"https:\/\/ebfl.at\/#website"},"primaryImageOfPage":{"@id":"https:\/\/ebfl.at\/index.php\/sonderausstellung-2025\/#primaryimage"},"image":{"@id":"https:\/\/ebfl.at\/index.php\/sonderausstellung-2025\/#primaryimage"},"thumbnailUrl":"https:\/\/ebfl.at\/wp-content\/uploads\/2024\/04\/12_5_23-Sonja-Notdurfter_2-1-1024x768.jpg","datePublished":"2025-06-10T01:03:31+00:00","dateModified":"2025-06-10T01:04:38+00:00","breadcrumb":{"@id":"https:\/\/ebfl.at\/index.php\/sonderausstellung-2025\/#breadcrumb"},"inLanguage":"de","potentialAction":[{"@type":"ReadAction","target":["https:\/\/ebfl.at\/index.php\/sonderausstellung-2025\/"]}]},{"@type":"ImageObject","inLanguage":"de","@id":"https:\/\/ebfl.at\/index.php\/sonderausstellung-2025\/#primaryimage","url":"https:\/\/ebfl.at\/wp-content\/uploads\/2024\/04\/12_5_23-Sonja-Notdurfter_2-1.jpg","contentUrl":"https:\/\/ebfl.at\/wp-content\/uploads\/2024\/04\/12_5_23-Sonja-Notdurfter_2-1.jpg","width":1500,"height":1125,"caption":"Mai 2023"},{"@type":"BreadcrumbList","@id":"https:\/\/ebfl.at\/index.php\/sonderausstellung-2025\/#breadcrumb","itemListElement":[{"@type":"ListItem","position":1,"name":"Startseite","item":"https:\/\/ebfl.at\/"},{"@type":"ListItem","position":2,"name":"Sonderausstellung 2025"}]},{"@type":"WebSite","@id":"https:\/\/ebfl.at\/#website","url":"https:\/\/ebfl.at\/","name":"EBFL Eisenbahnfreunde Lienz","description":"Verein der Eisenbahnfreunde in Lienz","publisher":{"@id":"https:\/\/ebfl.at\/#organization"},"potentialAction":[{"@type":"SearchAction","target":{"@type":"EntryPoint","urlTemplate":"https:\/\/ebfl.at\/?s={search_term_string}"},"query-input":{"@type":"PropertyValueSpecification","valueRequired":true,"valueName":"search_term_string"}}],"inLanguage":"de"},{"@type":"Organization","@id":"https:\/\/ebfl.at\/#organization","name":"EBFL - Eisenbahnfreunde Lienz","url":"https:\/\/ebfl.at\/","logo":{"@type":"ImageObject","inLanguage":"de","@id":"https:\/\/ebfl.at\/#\/schema\/logo\/image\/","url":"https:\/\/ebfl.at\/wp-content\/uploads\/2019\/01\/Eisenbahnfreunde-Lienz.jpg","contentUrl":"https:\/\/ebfl.at\/wp-content\/uploads\/2019\/01\/Eisenbahnfreunde-Lienz.jpg","width":1087,"height":480,"caption":"EBFL - Eisenbahnfreunde Lienz"},"image":{"@id":"https:\/\/ebfl.at\/#\/schema\/logo\/image\/"},"sameAs":["https:\/\/www.facebook.com\/pages\/category\/History-Museum\/EBFLat-301838060596265\/"]}]}},"_links":{"self":[{"href":"https:\/\/ebfl.at\/index.php\/wp-json\/wp\/v2\/pages\/4743","targetHints":{"allow":["GET"]}}],"collection":[{"href":"https:\/\/ebfl.at\/index.php\/wp-json\/wp\/v2\/pages"}],"about":[{"href":"https:\/\/ebfl.at\/index.php\/wp-json\/wp\/v2\/types\/page"}],"author":[{"embeddable":true,"href":"https:\/\/ebfl.at\/index.php\/wp-json\/wp\/v2\/users\/2"}],"replies":[{"embeddable":true,"href":"https:\/\/ebfl.at\/index.php\/wp-json\/wp\/v2\/comments?post=4743"}],"version-history":[{"count":2,"href":"https:\/\/ebfl.at\/index.php\/wp-json\/wp\/v2\/pages\/4743\/revisions"}],"predecessor-version":[{"id":4751,"href":"https:\/\/ebfl.at\/index.php\/wp-json\/wp\/v2\/pages\/4743\/revisions\/4751"}],"wp:attachment":[{"href":"https:\/\/ebfl.at\/index.php\/wp-json\/wp\/v2\/media?parent=4743"}],"curies":[{"name":"wp","href":"https:\/\/api.w.org\/{rel}","templated":true}]}}