{"id":5022,"date":"2026-01-30T02:31:11","date_gmt":"2026-01-30T01:31:11","guid":{"rendered":"https:\/\/ebfl.at\/?page_id=5022"},"modified":"2026-02-18T17:43:39","modified_gmt":"2026-02-18T16:43:39","slug":"gita-di-pentecoste-2026","status":"publish","type":"page","link":"https:\/\/ebfl.at\/index.php\/gita-di-pentecoste-2026\/","title":{"rendered":"Gita di Ascensione 2026"},"content":{"rendered":"\n<figure class=\"wp-block-gallery has-nested-images columns-default is-cropped wp-block-gallery-1 is-layout-flex wp-block-gallery-is-layout-flex\">\n<figure class=\"wp-block-image size-large\"><img loading=\"lazy\" decoding=\"async\" width=\"800\" height=\"522\" data-id=\"5048\" src=\"https:\/\/ebfl.at\/wp-content\/uploads\/2026\/02\/Linz_011\u00a9Linz-Tourismus_M.-Steinkellner.jpg\" alt=\"\" class=\"wp-image-5048\" srcset=\"https:\/\/ebfl.at\/wp-content\/uploads\/2026\/02\/Linz_011\u00a9Linz-Tourismus_M.-Steinkellner.jpg 800w, https:\/\/ebfl.at\/wp-content\/uploads\/2026\/02\/Linz_011\u00a9Linz-Tourismus_M.-Steinkellner-300x196.jpg 300w, https:\/\/ebfl.at\/wp-content\/uploads\/2026\/02\/Linz_011\u00a9Linz-Tourismus_M.-Steinkellner-768x501.jpg 768w\" sizes=\"auto, (max-width: 800px) 100vw, 800px\" \/><figcaption class=\"wp-element-caption\">Hauptplatz Linz bei Abendd\u00e4mmerung<\/figcaption><\/figure>\n\n\n\n<figure class=\"wp-block-image size-large\"><img loading=\"lazy\" decoding=\"async\" width=\"1024\" height=\"683\" data-id=\"4204\" src=\"https:\/\/ebfl.at\/wp-content\/uploads\/2024\/06\/Brenner_Chris-Pescher-1-1024x683.jpg\" alt=\"\" class=\"wp-image-4204\" srcset=\"https:\/\/ebfl.at\/wp-content\/uploads\/2024\/06\/Brenner_Chris-Pescher-1-1024x683.jpg 1024w, https:\/\/ebfl.at\/wp-content\/uploads\/2024\/06\/Brenner_Chris-Pescher-1-300x200.jpg 300w, https:\/\/ebfl.at\/wp-content\/uploads\/2024\/06\/Brenner_Chris-Pescher-1-768x512.jpg 768w, https:\/\/ebfl.at\/wp-content\/uploads\/2024\/06\/Brenner_Chris-Pescher-1-1536x1024.jpg 1536w, https:\/\/ebfl.at\/wp-content\/uploads\/2024\/06\/Brenner_Chris-Pescher-1.jpg 2048w\" sizes=\"auto, (max-width: 1024px) 100vw, 1024px\" \/><figcaption class=\"wp-element-caption\">Foto: Chris Pescher<\/figcaption><\/figure>\n\n\n\n<figure class=\"wp-block-image size-large\"><img loading=\"lazy\" decoding=\"async\" width=\"266\" height=\"189\" data-id=\"3571\" src=\"https:\/\/ebfl.at\/wp-content\/uploads\/2023\/02\/grafik-2.png\" alt=\"\" class=\"wp-image-3571\"\/><figcaption class=\"wp-element-caption\">Foto: Stift Admont<\/figcaption><\/figure>\n\n\n\n<figure class=\"wp-block-image size-large\"><img loading=\"lazy\" decoding=\"async\" width=\"1024\" height=\"260\" data-id=\"5005\" src=\"https:\/\/ebfl.at\/wp-content\/uploads\/2026\/01\/voestalpine-imagebild-1024x260.jpg\" alt=\"\" class=\"wp-image-5005\" srcset=\"https:\/\/ebfl.at\/wp-content\/uploads\/2026\/01\/voestalpine-imagebild-1024x260.jpg 1024w, https:\/\/ebfl.at\/wp-content\/uploads\/2026\/01\/voestalpine-imagebild-300x76.jpg 300w, https:\/\/ebfl.at\/wp-content\/uploads\/2026\/01\/voestalpine-imagebild-768x195.jpg 768w, https:\/\/ebfl.at\/wp-content\/uploads\/2026\/01\/voestalpine-imagebild.jpg 1220w\" sizes=\"auto, (max-width: 1024px) 100vw, 1024px\" \/><\/figure>\n<\/figure>\n\n\n\n<p><\/p>\n\n\n\n<p><strong>Gita di Ascensione 2026 con il S\u00dcDBAHN-EXPRESS a Linz<br>14-16 maggio 2026<\/strong><\/p>\n\n\n\n<hr class=\"wp-block-separator has-alpha-channel-opacity\"\/>\n\n\n\n<p>Un viaggio in treno speciale ricco di emozioni<br>Anche nel 2026 gli appassionati di ferrovie di Lienz invitano nuovamente a partecipare a uno speciale viaggio di Ascensione con il popolare S\u00fcdbahn-Express. La nostra destinazione: Linz, capoluogo dell&#8217;Alta Austria sul Danubio, una meta emozionante che coniuga in modo ideale storia industriale, tecnologia, cultura e gioia di vivere.<br>Vi aspettano tre giorni ricchi di esperienze con un programma variegato, tratte ferroviarie suggestive, viaggi in compagnia e tante occasioni per stupirsi, fotografare e divertirsi.<\/p>\n\n\n\n<hr class=\"wp-block-separator has-alpha-channel-opacity\"\/>\n\n\n\n<p><strong>Gioved\u00ec 14 maggio \u2013 Arrivo a Linz<\/strong><br>Al mattino \u00e8 di nuovo ora di salire a bordo: il S\u00fcdbahn-Express parte da Lienz e ci porta a Linz passando per Spittal, Bischofshofen, Stainach-Irdning, Attnang-Puchheim e Trauner Schleife.<br>Il viaggio attraversa alcune delle pi\u00f9 belle tratte ferroviarie dell&#8217;Austria attraverso la valle della Drava, la valle dell&#8217;Enns e le Prealpi dell&#8217;Alta Austria. Lungo il percorso sono previste brevi soste durante le quali fotografi e appassionati di ferrovie potranno immortalare il treno in un&#8217;atmosfera suggestiva.<br>Nel pomeriggio raggiungiamo Linz, dove prendiamo possesso delle camere. La serata \u00e8 libera, perfetta per una passeggiata lungo il Danubio o una piacevole visita in una locanda di Linz.<\/p>\n\n\n\n<p><strong>Venerd\u00ec 15 maggio \u2013 Tecnologia, acciaio e Danubio<\/strong><br>Dopo la colazione ci aspetta una giornata emozionante nella citt\u00e0 sul Danubio: per prima cosa, durante una gita in battello, scopriremo la zona portuale di Linz da una prospettiva completamente nuova. Tra convogli spinti, gru e moderni progetti culturali, qui si percepisce il battito della citt\u00e0.<br>A seguire, pranzeremo tutti insieme prima di partecipare a una visita guidata esclusiva della Voestalpine, una delle pi\u00f9 importanti aziende industriali austriache. Daremo uno sguardo al mondo degli altiforni, dei laminatoi e della produzione dell&#8217;acciaio: un&#8217;esperienza impressionante e istruttiva allo stesso tempo!<br>La serata \u00e8 libera per attivit\u00e0 individuali: che si tratti di una passeggiata in citt\u00e0, di una visita al museo o di una piacevole serata in compagnia, Linz offre qualcosa per tutti i gusti.<\/p>\n\n\n\n<hr class=\"wp-block-separator has-alpha-channel-opacity\"\/>\n\n\n\n<p><strong>Sabato 16 maggio \u2013 Cultura e viaggio fotografico durante il viaggio di ritorno<\/strong><br>Sabato mattina ci mettiamo in viaggio verso casa, ma il viaggio riserva ancora alcuni momenti salienti: passando per Steyr, ci dirigiamo ad Admont, dove ci aspetta una visita guidata alla famosa biblioteca abbaziale. Questa magnifica biblioteca \u00e8 considerata la pi\u00f9 grande del suo genere al mondo e colpisce per la sua architettura barocca e per i suoi oltre 200.000 volumi storici.<br>Successivamente proseguiamo il nostro viaggio attraverso Selzthal \u2013 Knittelfeld \u2013 Feldkirchen \u2013 Spittal fino a Lienz. Un suggestivo viaggio di ritorno attraverso paesaggi variegati conclude questo emozionante viaggio in treno speciale.<br>Viaggiare e divertirsi insieme<br>Questo viaggio di Ascensione unisce il piacere nostalgico del treno, il gusto per la cultura e la convivialit\u00e0. Che siate appassionati di ferrovie, amanti della cultura o semplicemente desiderosi di viaggiare, siete tutti cordialmente invitati a trascorrere con noi tre giorni ricchi di variet\u00e0.<\/p>\n\n\n\n<p><\/p>\n\n\n\n<p><strong>Servizi inclusi:<\/strong><\/p>\n\n\n\n<ul class=\"wp-block-list\">\n<li>Viaggio di andata e ritorno con il S\u00fcdbahn Express<\/li>\n\n\n\n<li>Giro turistico del porto di Linz<\/li>\n\n\n\n<li>Pranzo il 15 maggio<\/li>\n\n\n\n<li>Visita guidata alla V\u00d6ST<\/li>\n\n\n\n<li>Trasferimento in autobus: porto di Linz \u2013 Lunzerwirt \u2013 V\u00d6ST \u2013 piazza principale di Linz<\/li>\n\n\n\n<li>Ingresso alla biblioteca abbaziale di Admont<\/li>\n<\/ul>\n\n\n\n<p><\/p>\n\n\n\n<p><strong>Prezzi:<\/strong><\/p>\n\n\n\n<figure class=\"wp-block-table\"><table class=\"has-fixed-layout\"><tbody><tr><td>stazione ferroviaria<\/td><td>1\u00aa classe&nbsp;<\/td><td>&nbsp;2\u00aa classe<\/td><\/tr><tr><td>Lienz<\/td><td>315,00<\/td><td>268,00<\/td><\/tr><tr><td>Oberdrauburg<\/td><td>315,00<\/td><td>268,00<\/td><\/tr><tr><td>Dellach\/Drau<\/td><td>312,00<\/td><td>265,00<\/td><\/tr><tr><td>Greifenburg<\/td><td>312,00<\/td><td>265,00<\/td><\/tr><tr><td>M\u00f6llbr\u00fccke<\/td><td>309,00<\/td><td>262,00<\/td><\/tr><tr><td>Spittal\/M.<\/td><td>307,00<\/td><td>260,00<\/td><\/tr><tr><td>Mallnitz *<\/td><td>290,00<\/td><td>245,00<\/td><\/tr><tr><td>Schwarzach\/St. Veit *<\/td><td>270,00<\/td><td>230,00<\/td><\/tr><\/tbody><\/table><\/figure>\n\n\n\n<p>Bambini fino a 5 anni gratis (senza diritto a posto a sedere)<br>Bambini dai 6 ai 12 anni 50% di sconto<br>*Il viaggio di ritorno da Spittal\/M. deve essere organizzato autonomamente<\/p>\n\n\n\n<p><strong>Servizi inclusi:<\/strong><\/p>\n\n\n\n<ul class=\"wp-block-list\">\n<li>Viaggio di andata e ritorno con il S\u00fcdbahn Express<\/li>\n\n\n\n<li>Giro del porto di Linz<\/li>\n\n\n\n<li>Pranzo il 15\/5<\/li>\n\n\n\n<li>Visita guidata alla VOEST<\/li>\n\n\n\n<li>Trasferimento in autobus: porto di Linz \u2013 Lunzerwirt \u2013 VOEST \u2013 piazza principale di Linz<\/li>\n\n\n\n<li>Ingresso alla biblioteca abbaziale di Admont<\/li>\n<\/ul>\n\n\n\n<p><\/p>\n\n\n\n<p class=\"has-vivid-red-color has-text-color has-link-color wp-elements-2e3ad43cf9fae0fb88d1e47b51cbdfd0\"><strong>Opzioni per la colazione sul S\u00fcdbahn Express il 14 maggio.<\/strong><\/p>\n\n\n\n<p style=\"font-size:14px\"><strong>Colazione S\u00fcdbahn Express<\/strong><br>Panino\/pane, salumi, formaggio, marmellata o pat\u00e9 di fegato,<br>caff\u00e8 o t\u00e8, succo d&#8217;arancia \u20ac 8,60<\/p>\n\n\n\n<h2 class=\"wp-block-heading\" style=\"font-size:13px\">Si prega di ordinare al momento della prenotazione, in modo da consentirci di preparare tutto il necessario.<\/h2>\n\n\n\n<p style=\"font-size:14px\"><strong>Colazione S\u00fcdbahn Express con salmone<\/strong><br>2 panini, salmone, burro, uova, contorno di verdure, 1 bicchiere di prosecco,<br>caff\u00e8 o t\u00e8, succo d&#8217;arancia \u20ac 14,60<br><strong>Si prega di ordinare al momento della prenotazione, in modo da consentirci di preparare tutto il necessario.<\/strong><\/p>\n\n\n\n<p style=\"font-size:14px\"><br>Nel nostro vagone ristorante e in 1\u00aa classe (servizio al posto) vi offriamo anche piccoli piatti caldi e freddi e bevande.<br><strong>Il nostro team di cucina sar\u00e0 lieto di darvi il benvenuto.<\/strong><\/p>\n\n\n\n<p><strong>Orari di partenza:<\/strong> indicativi: partenza da Lienz alle ore 8 circa.<br>Saranno comunicati in seguito.<\/p>\n\n\n\n<p>La nostra associazione non dispone di una licenza di agenzia di viaggi. Vi preghiamo di prenotare autonomamente il vostro alloggio.<\/p>\n\n\n\n<p><br><strong>Raccomandazioni:<\/strong><\/p>\n\n\n\n<p>info@linztourismus.at<br>Tel. +43 732 7070 2009<br>https:\/\/www.leonardo-hotels.de\/linz\/leonardo-boutique-hotel-linz-city-center<br>https:\/\/city.hotel-in-linz.com\/de\/<br>https:\/\/art-inn.hotel-in-linz.com\/de\/<\/p>\n\n\n\n<p>Si applicano le condizioni generali di partecipazione:<br>https:\/\/ebfl.at\/index.php\/suedbahn-express\/teilnahmebedingungen\/<\/p>\n\n\n\n<p><strong>Possibilit\u00e0 di prenotazione:<\/strong> piattaforma di prenotazione<\/p>\n\n\n\n<product-catalog-widget widget-id=\"179783c6-d37b-4a99-a435-2234dcc68036\"><\/product-catalog-widget><script type=\"text\/javascript\" src=\"https:\/\/widgets.regiondo.net\/catalog\/v1\/catalog-widget.min.js\"><\/script>\n\n\n\n<p><br>o tramite tickets@ebfl.at<\/p>\n","protected":false},"excerpt":{"rendered":"<p>Gita di Ascensione 2026 con il S\u00dcDBAHN-EXPRESS a Linz14-16 maggio 2026 Un viaggio in treno speciale ricco di emozioniAnche nel 2026 gli appassionati di ferrovie di Lienz invitano nuovamente a partecipare a uno speciale viaggio di Ascensione con il popolare S\u00fcdbahn-Express. La nostra destinazione: Linz, capoluogo dell&#8217;Alta Austria sul Danubio, una meta emozionante che coniuga [&hellip;]<\/p>\n","protected":false},"author":2,"featured_media":0,"parent":0,"menu_order":0,"comment_status":"closed","ping_status":"closed","template":"","meta":{"footnotes":""},"class_list":["post-5022","page","type-page","status-publish","hentry"],"yoast_head":"<!-- This site is optimized with the Yoast SEO plugin v27.3 - https:\/\/yoast.com\/product\/yoast-seo-wordpress\/ -->\n<title>Gita di Ascensione 2026 - EBFL<\/title>\n<meta name=\"robots\" content=\"index, follow, max-snippet:-1, max-image-preview:large, max-video-preview:-1\" \/>\n<link rel=\"canonical\" href=\"https:\/\/ebfl.at\/index.php\/gita-di-pentecoste-2026\/\" \/>\n<meta property=\"og:locale\" content=\"de_DE\" \/>\n<meta property=\"og:type\" content=\"article\" \/>\n<meta property=\"og:title\" content=\"Gita di Ascensione 2026 - EBFL\" \/>\n<meta property=\"og:description\" content=\"Gita di Ascensione 2026 con il S\u00dcDBAHN-EXPRESS a Linz14-16 maggio 2026 Un viaggio in treno speciale ricco di emozioniAnche nel 2026 gli appassionati di ferrovie di Lienz invitano nuovamente a partecipare a uno speciale viaggio di Ascensione con il popolare S\u00fcdbahn-Express. La nostra destinazione: Linz, capoluogo dell&#8217;Alta Austria sul Danubio, una meta emozionante che coniuga [&hellip;]\" \/>\n<meta property=\"og:url\" content=\"https:\/\/ebfl.at\/index.php\/gita-di-pentecoste-2026\/\" \/>\n<meta property=\"og:site_name\" content=\"EBFL\" \/>\n<meta property=\"article:publisher\" content=\"https:\/\/www.facebook.com\/pages\/category\/History-Museum\/EBFLat-301838060596265\/\" \/>\n<meta property=\"article:modified_time\" content=\"2026-02-18T16:43:39+00:00\" \/>\n<meta property=\"og:image\" content=\"https:\/\/ebfl.at\/wp-content\/uploads\/2024\/06\/Brenner_Chris-Pescher-1-1024x683.jpg\" \/>\n<meta name=\"twitter:card\" content=\"summary_large_image\" \/>\n<meta name=\"twitter:label1\" content=\"Gesch\u00e4tzte Lesezeit\" \/>\n\t<meta name=\"twitter:data1\" content=\"6\u00a0Minuten\" \/>\n<script type=\"application\/ld+json\" class=\"yoast-schema-graph\">{\"@context\":\"https:\\\/\\\/schema.org\",\"@graph\":[{\"@type\":\"WebPage\",\"@id\":\"https:\\\/\\\/ebfl.at\\\/index.php\\\/gita-di-pentecoste-2026\\\/\",\"url\":\"https:\\\/\\\/ebfl.at\\\/index.php\\\/gita-di-pentecoste-2026\\\/\",\"name\":\"Gita di Ascensione 2026 - EBFL\",\"isPartOf\":{\"@id\":\"https:\\\/\\\/ebfl.at\\\/#website\"},\"primaryImageOfPage\":{\"@id\":\"https:\\\/\\\/ebfl.at\\\/index.php\\\/gita-di-pentecoste-2026\\\/#primaryimage\"},\"image\":{\"@id\":\"https:\\\/\\\/ebfl.at\\\/index.php\\\/gita-di-pentecoste-2026\\\/#primaryimage\"},\"thumbnailUrl\":\"https:\\\/\\\/ebfl.at\\\/wp-content\\\/uploads\\\/2024\\\/06\\\/Brenner_Chris-Pescher-1-1024x683.jpg\",\"datePublished\":\"2026-01-30T01:31:11+00:00\",\"dateModified\":\"2026-02-18T16:43:39+00:00\",\"breadcrumb\":{\"@id\":\"https:\\\/\\\/ebfl.at\\\/index.php\\\/gita-di-pentecoste-2026\\\/#breadcrumb\"},\"inLanguage\":\"de\",\"potentialAction\":[{\"@type\":\"ReadAction\",\"target\":[\"https:\\\/\\\/ebfl.at\\\/index.php\\\/gita-di-pentecoste-2026\\\/\"]}]},{\"@type\":\"ImageObject\",\"inLanguage\":\"de\",\"@id\":\"https:\\\/\\\/ebfl.at\\\/index.php\\\/gita-di-pentecoste-2026\\\/#primaryimage\",\"url\":\"https:\\\/\\\/ebfl.at\\\/wp-content\\\/uploads\\\/2024\\\/06\\\/Brenner_Chris-Pescher-1.jpg\",\"contentUrl\":\"https:\\\/\\\/ebfl.at\\\/wp-content\\\/uploads\\\/2024\\\/06\\\/Brenner_Chris-Pescher-1.jpg\",\"width\":2048,\"height\":1365,\"caption\":\"Foto: Chris Pescher\"},{\"@type\":\"BreadcrumbList\",\"@id\":\"https:\\\/\\\/ebfl.at\\\/index.php\\\/gita-di-pentecoste-2026\\\/#breadcrumb\",\"itemListElement\":[{\"@type\":\"ListItem\",\"position\":1,\"name\":\"Startseite\",\"item\":\"https:\\\/\\\/ebfl.at\\\/\"},{\"@type\":\"ListItem\",\"position\":2,\"name\":\"Gita di Ascensione 2026\"}]},{\"@type\":\"WebSite\",\"@id\":\"https:\\\/\\\/ebfl.at\\\/#website\",\"url\":\"https:\\\/\\\/ebfl.at\\\/\",\"name\":\"EBFL Eisenbahnfreunde Lienz\",\"description\":\"Verein der Eisenbahnfreunde in Lienz\",\"publisher\":{\"@id\":\"https:\\\/\\\/ebfl.at\\\/#organization\"},\"potentialAction\":[{\"@type\":\"SearchAction\",\"target\":{\"@type\":\"EntryPoint\",\"urlTemplate\":\"https:\\\/\\\/ebfl.at\\\/?s={search_term_string}\"},\"query-input\":{\"@type\":\"PropertyValueSpecification\",\"valueRequired\":true,\"valueName\":\"search_term_string\"}}],\"inLanguage\":\"de\"},{\"@type\":\"Organization\",\"@id\":\"https:\\\/\\\/ebfl.at\\\/#organization\",\"name\":\"EBFL - Eisenbahnfreunde Lienz\",\"url\":\"https:\\\/\\\/ebfl.at\\\/\",\"logo\":{\"@type\":\"ImageObject\",\"inLanguage\":\"de\",\"@id\":\"https:\\\/\\\/ebfl.at\\\/#\\\/schema\\\/logo\\\/image\\\/\",\"url\":\"https:\\\/\\\/ebfl.at\\\/wp-content\\\/uploads\\\/2019\\\/01\\\/Eisenbahnfreunde-Lienz.jpg\",\"contentUrl\":\"https:\\\/\\\/ebfl.at\\\/wp-content\\\/uploads\\\/2019\\\/01\\\/Eisenbahnfreunde-Lienz.jpg\",\"width\":1087,\"height\":480,\"caption\":\"EBFL - Eisenbahnfreunde Lienz\"},\"image\":{\"@id\":\"https:\\\/\\\/ebfl.at\\\/#\\\/schema\\\/logo\\\/image\\\/\"},\"sameAs\":[\"https:\\\/\\\/www.facebook.com\\\/pages\\\/category\\\/History-Museum\\\/EBFLat-301838060596265\\\/\"]}]}<\/script>\n<!-- \/ Yoast SEO plugin. -->","yoast_head_json":{"title":"Gita di Ascensione 2026 - EBFL","robots":{"index":"index","follow":"follow","max-snippet":"max-snippet:-1","max-image-preview":"max-image-preview:large","max-video-preview":"max-video-preview:-1"},"canonical":"https:\/\/ebfl.at\/index.php\/gita-di-pentecoste-2026\/","og_locale":"de_DE","og_type":"article","og_title":"Gita di Ascensione 2026 - EBFL","og_description":"Gita di Ascensione 2026 con il S\u00dcDBAHN-EXPRESS a Linz14-16 maggio 2026 Un viaggio in treno speciale ricco di emozioniAnche nel 2026 gli appassionati di ferrovie di Lienz invitano nuovamente a partecipare a uno speciale viaggio di Ascensione con il popolare S\u00fcdbahn-Express. La nostra destinazione: Linz, capoluogo dell&#8217;Alta Austria sul Danubio, una meta emozionante che coniuga [&hellip;]","og_url":"https:\/\/ebfl.at\/index.php\/gita-di-pentecoste-2026\/","og_site_name":"EBFL","article_publisher":"https:\/\/www.facebook.com\/pages\/category\/History-Museum\/EBFLat-301838060596265\/","article_modified_time":"2026-02-18T16:43:39+00:00","og_image":[{"url":"https:\/\/ebfl.at\/wp-content\/uploads\/2024\/06\/Brenner_Chris-Pescher-1-1024x683.jpg","type":"","width":"","height":""}],"twitter_card":"summary_large_image","twitter_misc":{"Gesch\u00e4tzte Lesezeit":"6\u00a0Minuten"},"schema":{"@context":"https:\/\/schema.org","@graph":[{"@type":"WebPage","@id":"https:\/\/ebfl.at\/index.php\/gita-di-pentecoste-2026\/","url":"https:\/\/ebfl.at\/index.php\/gita-di-pentecoste-2026\/","name":"Gita di Ascensione 2026 - EBFL","isPartOf":{"@id":"https:\/\/ebfl.at\/#website"},"primaryImageOfPage":{"@id":"https:\/\/ebfl.at\/index.php\/gita-di-pentecoste-2026\/#primaryimage"},"image":{"@id":"https:\/\/ebfl.at\/index.php\/gita-di-pentecoste-2026\/#primaryimage"},"thumbnailUrl":"https:\/\/ebfl.at\/wp-content\/uploads\/2024\/06\/Brenner_Chris-Pescher-1-1024x683.jpg","datePublished":"2026-01-30T01:31:11+00:00","dateModified":"2026-02-18T16:43:39+00:00","breadcrumb":{"@id":"https:\/\/ebfl.at\/index.php\/gita-di-pentecoste-2026\/#breadcrumb"},"inLanguage":"de","potentialAction":[{"@type":"ReadAction","target":["https:\/\/ebfl.at\/index.php\/gita-di-pentecoste-2026\/"]}]},{"@type":"ImageObject","inLanguage":"de","@id":"https:\/\/ebfl.at\/index.php\/gita-di-pentecoste-2026\/#primaryimage","url":"https:\/\/ebfl.at\/wp-content\/uploads\/2024\/06\/Brenner_Chris-Pescher-1.jpg","contentUrl":"https:\/\/ebfl.at\/wp-content\/uploads\/2024\/06\/Brenner_Chris-Pescher-1.jpg","width":2048,"height":1365,"caption":"Foto: Chris Pescher"},{"@type":"BreadcrumbList","@id":"https:\/\/ebfl.at\/index.php\/gita-di-pentecoste-2026\/#breadcrumb","itemListElement":[{"@type":"ListItem","position":1,"name":"Startseite","item":"https:\/\/ebfl.at\/"},{"@type":"ListItem","position":2,"name":"Gita di Ascensione 2026"}]},{"@type":"WebSite","@id":"https:\/\/ebfl.at\/#website","url":"https:\/\/ebfl.at\/","name":"EBFL Eisenbahnfreunde Lienz","description":"Verein der Eisenbahnfreunde in Lienz","publisher":{"@id":"https:\/\/ebfl.at\/#organization"},"potentialAction":[{"@type":"SearchAction","target":{"@type":"EntryPoint","urlTemplate":"https:\/\/ebfl.at\/?s={search_term_string}"},"query-input":{"@type":"PropertyValueSpecification","valueRequired":true,"valueName":"search_term_string"}}],"inLanguage":"de"},{"@type":"Organization","@id":"https:\/\/ebfl.at\/#organization","name":"EBFL - Eisenbahnfreunde Lienz","url":"https:\/\/ebfl.at\/","logo":{"@type":"ImageObject","inLanguage":"de","@id":"https:\/\/ebfl.at\/#\/schema\/logo\/image\/","url":"https:\/\/ebfl.at\/wp-content\/uploads\/2019\/01\/Eisenbahnfreunde-Lienz.jpg","contentUrl":"https:\/\/ebfl.at\/wp-content\/uploads\/2019\/01\/Eisenbahnfreunde-Lienz.jpg","width":1087,"height":480,"caption":"EBFL - Eisenbahnfreunde Lienz"},"image":{"@id":"https:\/\/ebfl.at\/#\/schema\/logo\/image\/"},"sameAs":["https:\/\/www.facebook.com\/pages\/category\/History-Museum\/EBFLat-301838060596265\/"]}]}},"_links":{"self":[{"href":"https:\/\/ebfl.at\/index.php\/wp-json\/wp\/v2\/pages\/5022","targetHints":{"allow":["GET"]}}],"collection":[{"href":"https:\/\/ebfl.at\/index.php\/wp-json\/wp\/v2\/pages"}],"about":[{"href":"https:\/\/ebfl.at\/index.php\/wp-json\/wp\/v2\/types\/page"}],"author":[{"embeddable":true,"href":"https:\/\/ebfl.at\/index.php\/wp-json\/wp\/v2\/users\/2"}],"replies":[{"embeddable":true,"href":"https:\/\/ebfl.at\/index.php\/wp-json\/wp\/v2\/comments?post=5022"}],"version-history":[{"count":6,"href":"https:\/\/ebfl.at\/index.php\/wp-json\/wp\/v2\/pages\/5022\/revisions"}],"predecessor-version":[{"id":5077,"href":"https:\/\/ebfl.at\/index.php\/wp-json\/wp\/v2\/pages\/5022\/revisions\/5077"}],"wp:attachment":[{"href":"https:\/\/ebfl.at\/index.php\/wp-json\/wp\/v2\/media?parent=5022"}],"curies":[{"name":"wp","href":"https:\/\/api.w.org\/{rel}","templated":true}]}}